
{"id":596,"date":"2024-11-19T00:09:45","date_gmt":"2024-11-18T17:09:45","guid":{"rendered":"https:\/\/aodaingoclan.vn\/?post_type=product&#038;p=596"},"modified":"2024-12-18T16:31:34","modified_gmt":"2024-12-18T09:31:34","slug":"ad-01","status":"publish","type":"product","link":"https:\/\/store2.k-tech-services.com\/eco_aodaingoclan\/san-pham\/ad-01\/","title":{"rendered":"\u00c1o d\u00e0i n\u1eef C\u00e1ch T\u00e2n T\u01a1 \u00d3ng Ph\u1ed1i L\u1ee5a Ng\u1ecdc Trai Cao C\u1ea5p"},"content":{"rendered":"<p>N\u00e2ng c\u1ea5p t\u1ee7 \u0111\u1ed3 v\u1edbi s\u1eafc t\u00edm pastel nh\u1eb9 nh\u00e0ng, n\u1eef t\u00ednh<br \/>\nThi\u1ebft k\u1ebf \u00e1o d\u00e0i v\u1edbi t\u00f4ng m\u00e0u t\u00edm pastel n\u1eef t\u00ednh, ho\u1ea1 ti\u1ebft hoa tinh t\u1ebf, t\u1ea1o n\u00ean v\u1ebb \u0111\u1eb9p d\u1ecbu d\u00e0ng, thanh l\u1ecbch. Chi ti\u1ebft th\u00eau \u0111\u00ednh \u0111i\u1ec7u \u0111\u00e0 \u1edf c\u1ed5 gi\u00fap che khuy\u1ebft \u0111i\u1ec3m ph\u1ea7n tay ch\u01b0a thon g\u1ecdn. T\u00f9ng r\u1ee7 m\u1ec1m m\u1ea1i k\u1ebft h\u1ee3p d\u00e1ng h\u01a1i \u00f4m su\u00f4ng gi\u00fap che khuy\u1ebft \u0111i\u1ec3m th\u00e2n d\u01b0\u1edbi v\u00e0 t\u00f4n l\u00ean v\u00f2ng eo thon g\u1ecdn. Ch\u1ea5t li\u1ec7u t\u01a1 \u00e1nh m\u1ec1m m\u1ea1i, d\u1ec5 ch\u1ecbu khi di\u1ec7n c\u1ea3 ng\u00e0y d\u00e0i.<br \/>\n\u2014\u2014\u2014\u2014\u2014\u2014\u2014\u2014\u2014\u2014\u2014\u2014\u2014\u2014\u2014\u2014\u2014<br \/>\n?+ MI\u1ec4N PH\u00cd GIAO H\u00c0NG TO\u00c0N QU\u1ed0C<br \/>\n?\u0110\u1ee7 size :40-75kg ( S M L XL XXL XXXL)<br \/>\n? Ki\u1ec3m trang h\u00e0ng tr\u01b0\u1edbc khi thanh to\u00e1n . Kh\u00f4ng gi\u1ed1ng h\u00ecnh \u1ea3nh , video qu\u1ea3ng c\u00e1o ?kh\u00f4ng ph\u1ea3i thanh to\u00e1n.<\/p>\n","protected":false},"excerpt":{"rendered":"<p>AD 01 &#8211; 699K<\/p>\n","protected":false},"featured_media":597,"comment_status":"open","ping_status":"closed","template":"","meta":[],"product_cat":[23,32],"product_tag":[],"class_list":{"0":"post-596","1":"product","2":"type-product","3":"status-publish","4":"has-post-thumbnail","6":"product_cat-ao-dai-an-tuong","7":"product_cat-ao-dai-nu-ngoc-lan","9":"first","10":"instock","11":"sale","12":"shipping-taxable","13":"purchasable","14":"product-type-simple"},"_links":{"self":[{"href":"https:\/\/store2.k-tech-services.com\/eco_aodaingoclan\/wp-json\/wp\/v2\/product\/596","targetHints":{"allow":["GET"]}}],"collection":[{"href":"https:\/\/store2.k-tech-services.com\/eco_aodaingoclan\/wp-json\/wp\/v2\/product"}],"about":[{"href":"https:\/\/store2.k-tech-services.com\/eco_aodaingoclan\/wp-json\/wp\/v2\/types\/product"}],"replies":[{"embeddable":true,"href":"https:\/\/store2.k-tech-services.com\/eco_aodaingoclan\/wp-json\/wp\/v2\/comments?post=596"}],"wp:featuredmedia":[{"embeddable":true,"href":"https:\/\/store2.k-tech-services.com\/eco_aodaingoclan\/wp-json\/wp\/v2\/media\/597"}],"wp:attachment":[{"href":"https:\/\/store2.k-tech-services.com\/eco_aodaingoclan\/wp-json\/wp\/v2\/media?parent=596"}],"wp:term":[{"taxonomy":"product_cat","embeddable":true,"href":"https:\/\/store2.k-tech-services.com\/eco_aodaingoclan\/wp-json\/wp\/v2\/product_cat?post=596"},{"taxonomy":"product_tag","embeddable":true,"href":"https:\/\/store2.k-tech-services.com\/eco_aodaingoclan\/wp-json\/wp\/v2\/product_tag?post=596"}],"curies":[{"name":"wp","href":"https:\/\/api.w.org\/{rel}","templated":true}]}}