
{"id":705,"date":"2024-11-19T09:01:58","date_gmt":"2024-11-19T02:01:58","guid":{"rendered":"https:\/\/aodaingoclan.vn\/?post_type=product&#038;p=705"},"modified":"2024-12-18T16:23:08","modified_gmt":"2024-12-18T09:23:08","slug":"ao-dai-cach-tan-4-ta-phoi-hoa-noi-to-cao-cap-tim-pastel","status":"publish","type":"product","link":"https:\/\/store2.k-tech-services.com\/eco_aodaingoclan\/san-pham\/ao-dai-cach-tan-4-ta-phoi-hoa-noi-to-cao-cap-tim-pastel\/","title":{"rendered":"\u00c1o D\u00e0i C\u00e1ch T\u00e2n 4 T\u00e0 ph\u1ed1i Hoa N\u1ed5i T\u01a1 cao c\u1ea5p (T\u00edm pastel)"},"content":{"rendered":"<p>\u00c1o D\u00e0i C\u00e1ch T\u00e2n 4 T\u00e0 ph\u1ed1i Hoa N\u1ed5i T\u01a1 cao c\u1ea5p (T\u00edm pastel)<\/p>\n<p><img loading=\"lazy\" decoding=\"async\" class=\"alignnone size-medium wp-image-710\" src=\"https:\/\/aodaingoclan.vn\/wp-content\/uploads\/2024\/11\/z6046326560817_9319b0cbc0da4e1973b7bed903f96438-224x300.jpg\" alt=\"\" width=\"224\" height=\"300\" srcset=\"https:\/\/store2.k-tech-services.com\/eco_aodaingoclan\/wp-content\/uploads\/2024\/11\/z6046326560817_9319b0cbc0da4e1973b7bed903f96438-224x300.jpg 224w, https:\/\/store2.k-tech-services.com\/eco_aodaingoclan\/wp-content\/uploads\/2024\/11\/z6046326560817_9319b0cbc0da4e1973b7bed903f96438-763x1024.jpg 763w, https:\/\/store2.k-tech-services.com\/eco_aodaingoclan\/wp-content\/uploads\/2024\/11\/z6046326560817_9319b0cbc0da4e1973b7bed903f96438-768x1031.jpg 768w, https:\/\/store2.k-tech-services.com\/eco_aodaingoclan\/wp-content\/uploads\/2024\/11\/z6046326560817_9319b0cbc0da4e1973b7bed903f96438-300x403.jpg 300w, https:\/\/store2.k-tech-services.com\/eco_aodaingoclan\/wp-content\/uploads\/2024\/11\/z6046326560817_9319b0cbc0da4e1973b7bed903f96438-520x698.jpg 520w, https:\/\/store2.k-tech-services.com\/eco_aodaingoclan\/wp-content\/uploads\/2024\/11\/z6046326560817_9319b0cbc0da4e1973b7bed903f96438.jpg 854w\" sizes=\"auto, (max-width: 224px) 100vw, 224px\" \/> <img loading=\"lazy\" decoding=\"async\" class=\"alignnone size-medium wp-image-709\" src=\"https:\/\/aodaingoclan.vn\/wp-content\/uploads\/2024\/11\/z6046326557290_c92f8700cfe44dbd49470978f350915c-138x300.jpg\" alt=\"\" width=\"138\" height=\"300\" srcset=\"https:\/\/store2.k-tech-services.com\/eco_aodaingoclan\/wp-content\/uploads\/2024\/11\/z6046326557290_c92f8700cfe44dbd49470978f350915c-138x300.jpg 138w, https:\/\/store2.k-tech-services.com\/eco_aodaingoclan\/wp-content\/uploads\/2024\/11\/z6046326557290_c92f8700cfe44dbd49470978f350915c-471x1024.jpg 471w, https:\/\/store2.k-tech-services.com\/eco_aodaingoclan\/wp-content\/uploads\/2024\/11\/z6046326557290_c92f8700cfe44dbd49470978f350915c-768x1670.jpg 768w, https:\/\/store2.k-tech-services.com\/eco_aodaingoclan\/wp-content\/uploads\/2024\/11\/z6046326557290_c92f8700cfe44dbd49470978f350915c-707x1536.jpg 707w, https:\/\/store2.k-tech-services.com\/eco_aodaingoclan\/wp-content\/uploads\/2024\/11\/z6046326557290_c92f8700cfe44dbd49470978f350915c-300x652.jpg 300w, https:\/\/store2.k-tech-services.com\/eco_aodaingoclan\/wp-content\/uploads\/2024\/11\/z6046326557290_c92f8700cfe44dbd49470978f350915c-520x1130.jpg 520w, https:\/\/store2.k-tech-services.com\/eco_aodaingoclan\/wp-content\/uploads\/2024\/11\/z6046326557290_c92f8700cfe44dbd49470978f350915c.jpg 868w\" sizes=\"auto, (max-width: 138px) 100vw, 138px\" \/> <img loading=\"lazy\" decoding=\"async\" class=\"alignnone size-medium wp-image-708\" src=\"https:\/\/aodaingoclan.vn\/wp-content\/uploads\/2024\/11\/z6046326555198_6ecd2cfe8c5d0474db30603a552aabaa-146x300.jpg\" alt=\"\" width=\"146\" height=\"300\" srcset=\"https:\/\/store2.k-tech-services.com\/eco_aodaingoclan\/wp-content\/uploads\/2024\/11\/z6046326555198_6ecd2cfe8c5d0474db30603a552aabaa-146x300.jpg 146w, https:\/\/store2.k-tech-services.com\/eco_aodaingoclan\/wp-content\/uploads\/2024\/11\/z6046326555198_6ecd2cfe8c5d0474db30603a552aabaa-500x1024.jpg 500w, https:\/\/store2.k-tech-services.com\/eco_aodaingoclan\/wp-content\/uploads\/2024\/11\/z6046326555198_6ecd2cfe8c5d0474db30603a552aabaa-768x1573.jpg 768w, https:\/\/store2.k-tech-services.com\/eco_aodaingoclan\/wp-content\/uploads\/2024\/11\/z6046326555198_6ecd2cfe8c5d0474db30603a552aabaa-750x1536.jpg 750w, https:\/\/store2.k-tech-services.com\/eco_aodaingoclan\/wp-content\/uploads\/2024\/11\/z6046326555198_6ecd2cfe8c5d0474db30603a552aabaa-300x614.jpg 300w, https:\/\/store2.k-tech-services.com\/eco_aodaingoclan\/wp-content\/uploads\/2024\/11\/z6046326555198_6ecd2cfe8c5d0474db30603a552aabaa-520x1065.jpg 520w, https:\/\/store2.k-tech-services.com\/eco_aodaingoclan\/wp-content\/uploads\/2024\/11\/z6046326555198_6ecd2cfe8c5d0474db30603a552aabaa.jpg 895w\" sizes=\"auto, (max-width: 146px) 100vw, 146px\" \/> <img loading=\"lazy\" decoding=\"async\" class=\"alignnone size-medium wp-image-707\" src=\"https:\/\/aodaingoclan.vn\/wp-content\/uploads\/2024\/11\/z6046326554669_ecd9d47a573164e87fc277f6f861cf22-152x300.jpg\" alt=\"\" width=\"152\" height=\"300\" srcset=\"https:\/\/store2.k-tech-services.com\/eco_aodaingoclan\/wp-content\/uploads\/2024\/11\/z6046326554669_ecd9d47a573164e87fc277f6f861cf22-152x300.jpg 152w, https:\/\/store2.k-tech-services.com\/eco_aodaingoclan\/wp-content\/uploads\/2024\/11\/z6046326554669_ecd9d47a573164e87fc277f6f861cf22-518x1024.jpg 518w, https:\/\/store2.k-tech-services.com\/eco_aodaingoclan\/wp-content\/uploads\/2024\/11\/z6046326554669_ecd9d47a573164e87fc277f6f861cf22-768x1519.jpg 768w, https:\/\/store2.k-tech-services.com\/eco_aodaingoclan\/wp-content\/uploads\/2024\/11\/z6046326554669_ecd9d47a573164e87fc277f6f861cf22-777x1536.jpg 777w, https:\/\/store2.k-tech-services.com\/eco_aodaingoclan\/wp-content\/uploads\/2024\/11\/z6046326554669_ecd9d47a573164e87fc277f6f861cf22-300x593.jpg 300w, https:\/\/store2.k-tech-services.com\/eco_aodaingoclan\/wp-content\/uploads\/2024\/11\/z6046326554669_ecd9d47a573164e87fc277f6f861cf22-520x1028.jpg 520w, https:\/\/store2.k-tech-services.com\/eco_aodaingoclan\/wp-content\/uploads\/2024\/11\/z6046326554669_ecd9d47a573164e87fc277f6f861cf22.jpg 931w\" sizes=\"auto, (max-width: 152px) 100vw, 152px\" \/> <img loading=\"lazy\" decoding=\"async\" class=\"alignnone size-medium wp-image-706\" src=\"https:\/\/aodaingoclan.vn\/wp-content\/uploads\/2024\/11\/z6046326554092_d16050d1006d73f98769d68cd84608d7-142x300.jpg\" alt=\"\" width=\"142\" height=\"300\" srcset=\"https:\/\/store2.k-tech-services.com\/eco_aodaingoclan\/wp-content\/uploads\/2024\/11\/z6046326554092_d16050d1006d73f98769d68cd84608d7-142x300.jpg 142w, https:\/\/store2.k-tech-services.com\/eco_aodaingoclan\/wp-content\/uploads\/2024\/11\/z6046326554092_d16050d1006d73f98769d68cd84608d7-485x1024.jpg 485w, https:\/\/store2.k-tech-services.com\/eco_aodaingoclan\/wp-content\/uploads\/2024\/11\/z6046326554092_d16050d1006d73f98769d68cd84608d7-768x1623.jpg 768w, https:\/\/store2.k-tech-services.com\/eco_aodaingoclan\/wp-content\/uploads\/2024\/11\/z6046326554092_d16050d1006d73f98769d68cd84608d7-727x1536.jpg 727w, https:\/\/store2.k-tech-services.com\/eco_aodaingoclan\/wp-content\/uploads\/2024\/11\/z6046326554092_d16050d1006d73f98769d68cd84608d7-300x634.jpg 300w, https:\/\/store2.k-tech-services.com\/eco_aodaingoclan\/wp-content\/uploads\/2024\/11\/z6046326554092_d16050d1006d73f98769d68cd84608d7-520x1099.jpg 520w, https:\/\/store2.k-tech-services.com\/eco_aodaingoclan\/wp-content\/uploads\/2024\/11\/z6046326554092_d16050d1006d73f98769d68cd84608d7.jpg 894w\" sizes=\"auto, (max-width: 142px) 100vw, 142px\" \/><\/p>\n<p>&nbsp;<\/p>\n","protected":false},"excerpt":{"rendered":"<p>\u00c1o D\u00e0i C\u00e1ch T\u00e2n 4 T\u00e0 ph\u1ed1i Hoa N\u1ed5i T\u01a1 cao c\u1ea5p (T\u00edm pastel)<\/p>\n","protected":false},"featured_media":708,"comment_status":"open","ping_status":"closed","template":"","meta":[],"product_cat":[23,33,32],"product_tag":[],"class_list":{"0":"post-705","1":"product","2":"type-product","3":"status-publish","4":"has-post-thumbnail","6":"product_cat-ao-dai-an-tuong","7":"product_cat-ao-dai-cach-tan","8":"product_cat-ao-dai-nu-ngoc-lan","10":"first","11":"instock","12":"sale","13":"shipping-taxable","14":"purchasable","15":"product-type-simple"},"_links":{"self":[{"href":"https:\/\/store2.k-tech-services.com\/eco_aodaingoclan\/wp-json\/wp\/v2\/product\/705","targetHints":{"allow":["GET"]}}],"collection":[{"href":"https:\/\/store2.k-tech-services.com\/eco_aodaingoclan\/wp-json\/wp\/v2\/product"}],"about":[{"href":"https:\/\/store2.k-tech-services.com\/eco_aodaingoclan\/wp-json\/wp\/v2\/types\/product"}],"replies":[{"embeddable":true,"href":"https:\/\/store2.k-tech-services.com\/eco_aodaingoclan\/wp-json\/wp\/v2\/comments?post=705"}],"wp:featuredmedia":[{"embeddable":true,"href":"https:\/\/store2.k-tech-services.com\/eco_aodaingoclan\/wp-json\/wp\/v2\/media\/708"}],"wp:attachment":[{"href":"https:\/\/store2.k-tech-services.com\/eco_aodaingoclan\/wp-json\/wp\/v2\/media?parent=705"}],"wp:term":[{"taxonomy":"product_cat","embeddable":true,"href":"https:\/\/store2.k-tech-services.com\/eco_aodaingoclan\/wp-json\/wp\/v2\/product_cat?post=705"},{"taxonomy":"product_tag","embeddable":true,"href":"https:\/\/store2.k-tech-services.com\/eco_aodaingoclan\/wp-json\/wp\/v2\/product_tag?post=705"}],"curies":[{"name":"wp","href":"https:\/\/api.w.org\/{rel}","templated":true}]}}