
{"id":763,"date":"2024-11-19T11:00:48","date_gmt":"2024-11-19T04:00:48","guid":{"rendered":"https:\/\/aodaingoclan.vn\/?post_type=product&#038;p=763"},"modified":"2024-12-18T16:21:22","modified_gmt":"2024-12-18T09:21:22","slug":"ao-dai-tacta-be-trai","status":"publish","type":"product","link":"https:\/\/store2.k-tech-services.com\/eco_aodaingoclan\/san-pham\/ao-dai-tacta-be-trai\/","title":{"rendered":"\u00c1o D\u00e0i Tacta b\u00e9 Trai"},"content":{"rendered":"<p>\u00c1o D\u00e0i Tacta b\u00e9 Trai<\/p>\n<p><img loading=\"lazy\" decoding=\"async\" class=\"alignnone size-medium wp-image-768\" src=\"https:\/\/aodaingoclan.vn\/wp-content\/uploads\/2024\/11\/z6047141452314_2b52305bbb401eff0b375dcd7ed16c5e-1-225x300.jpg\" alt=\"\" width=\"225\" height=\"300\" srcset=\"https:\/\/store2.k-tech-services.com\/eco_aodaingoclan\/wp-content\/uploads\/2024\/11\/z6047141452314_2b52305bbb401eff0b375dcd7ed16c5e-1-225x300.jpg 225w, https:\/\/store2.k-tech-services.com\/eco_aodaingoclan\/wp-content\/uploads\/2024\/11\/z6047141452314_2b52305bbb401eff0b375dcd7ed16c5e-1-768x1024.jpg 768w, https:\/\/store2.k-tech-services.com\/eco_aodaingoclan\/wp-content\/uploads\/2024\/11\/z6047141452314_2b52305bbb401eff0b375dcd7ed16c5e-1-300x400.jpg 300w, https:\/\/store2.k-tech-services.com\/eco_aodaingoclan\/wp-content\/uploads\/2024\/11\/z6047141452314_2b52305bbb401eff0b375dcd7ed16c5e-1-520x693.jpg 520w, https:\/\/store2.k-tech-services.com\/eco_aodaingoclan\/wp-content\/uploads\/2024\/11\/z6047141452314_2b52305bbb401eff0b375dcd7ed16c5e-1.jpg 960w\" sizes=\"auto, (max-width: 225px) 100vw, 225px\" \/> <img loading=\"lazy\" decoding=\"async\" class=\"alignnone size-medium wp-image-767\" src=\"https:\/\/aodaingoclan.vn\/wp-content\/uploads\/2024\/11\/z6047141443733_86b98bd28506c2872e50bc635527f48f-1-225x300.jpg\" alt=\"\" width=\"225\" height=\"300\" srcset=\"https:\/\/store2.k-tech-services.com\/eco_aodaingoclan\/wp-content\/uploads\/2024\/11\/z6047141443733_86b98bd28506c2872e50bc635527f48f-1-225x300.jpg 225w, https:\/\/store2.k-tech-services.com\/eco_aodaingoclan\/wp-content\/uploads\/2024\/11\/z6047141443733_86b98bd28506c2872e50bc635527f48f-1-768x1024.jpg 768w, https:\/\/store2.k-tech-services.com\/eco_aodaingoclan\/wp-content\/uploads\/2024\/11\/z6047141443733_86b98bd28506c2872e50bc635527f48f-1-300x400.jpg 300w, https:\/\/store2.k-tech-services.com\/eco_aodaingoclan\/wp-content\/uploads\/2024\/11\/z6047141443733_86b98bd28506c2872e50bc635527f48f-1-520x693.jpg 520w, https:\/\/store2.k-tech-services.com\/eco_aodaingoclan\/wp-content\/uploads\/2024\/11\/z6047141443733_86b98bd28506c2872e50bc635527f48f-1.jpg 960w\" sizes=\"auto, (max-width: 225px) 100vw, 225px\" \/> <img loading=\"lazy\" decoding=\"async\" class=\"alignnone size-medium wp-image-766\" src=\"https:\/\/aodaingoclan.vn\/wp-content\/uploads\/2024\/11\/z6047141437475_12b3f101b24452d795e7da83ff8b4b7e-1-225x300.jpg\" alt=\"\" width=\"225\" height=\"300\" srcset=\"https:\/\/store2.k-tech-services.com\/eco_aodaingoclan\/wp-content\/uploads\/2024\/11\/z6047141437475_12b3f101b24452d795e7da83ff8b4b7e-1-225x300.jpg 225w, https:\/\/store2.k-tech-services.com\/eco_aodaingoclan\/wp-content\/uploads\/2024\/11\/z6047141437475_12b3f101b24452d795e7da83ff8b4b7e-1-768x1024.jpg 768w, https:\/\/store2.k-tech-services.com\/eco_aodaingoclan\/wp-content\/uploads\/2024\/11\/z6047141437475_12b3f101b24452d795e7da83ff8b4b7e-1-300x400.jpg 300w, https:\/\/store2.k-tech-services.com\/eco_aodaingoclan\/wp-content\/uploads\/2024\/11\/z6047141437475_12b3f101b24452d795e7da83ff8b4b7e-1-520x693.jpg 520w, https:\/\/store2.k-tech-services.com\/eco_aodaingoclan\/wp-content\/uploads\/2024\/11\/z6047141437475_12b3f101b24452d795e7da83ff8b4b7e-1.jpg 960w\" sizes=\"auto, (max-width: 225px) 100vw, 225px\" \/> <img loading=\"lazy\" decoding=\"async\" class=\"alignnone size-medium wp-image-765\" src=\"https:\/\/aodaingoclan.vn\/wp-content\/uploads\/2024\/11\/z6047141431407_d348d4c7737450263d4b1d9cfbd5c6e8-1-225x300.jpg\" alt=\"\" width=\"225\" height=\"300\" srcset=\"https:\/\/store2.k-tech-services.com\/eco_aodaingoclan\/wp-content\/uploads\/2024\/11\/z6047141431407_d348d4c7737450263d4b1d9cfbd5c6e8-1-225x300.jpg 225w, https:\/\/store2.k-tech-services.com\/eco_aodaingoclan\/wp-content\/uploads\/2024\/11\/z6047141431407_d348d4c7737450263d4b1d9cfbd5c6e8-1-768x1024.jpg 768w, https:\/\/store2.k-tech-services.com\/eco_aodaingoclan\/wp-content\/uploads\/2024\/11\/z6047141431407_d348d4c7737450263d4b1d9cfbd5c6e8-1-300x400.jpg 300w, https:\/\/store2.k-tech-services.com\/eco_aodaingoclan\/wp-content\/uploads\/2024\/11\/z6047141431407_d348d4c7737450263d4b1d9cfbd5c6e8-1-520x693.jpg 520w, https:\/\/store2.k-tech-services.com\/eco_aodaingoclan\/wp-content\/uploads\/2024\/11\/z6047141431407_d348d4c7737450263d4b1d9cfbd5c6e8-1.jpg 960w\" sizes=\"auto, (max-width: 225px) 100vw, 225px\" \/> <img loading=\"lazy\" decoding=\"async\" class=\"alignnone size-medium wp-image-764\" src=\"https:\/\/aodaingoclan.vn\/wp-content\/uploads\/2024\/11\/z6047141428943_de5d9c4177248a5f88e259ccc2bedd88-1-225x300.jpg\" alt=\"\" width=\"225\" height=\"300\" srcset=\"https:\/\/store2.k-tech-services.com\/eco_aodaingoclan\/wp-content\/uploads\/2024\/11\/z6047141428943_de5d9c4177248a5f88e259ccc2bedd88-1-225x300.jpg 225w, https:\/\/store2.k-tech-services.com\/eco_aodaingoclan\/wp-content\/uploads\/2024\/11\/z6047141428943_de5d9c4177248a5f88e259ccc2bedd88-1-768x1024.jpg 768w, https:\/\/store2.k-tech-services.com\/eco_aodaingoclan\/wp-content\/uploads\/2024\/11\/z6047141428943_de5d9c4177248a5f88e259ccc2bedd88-1-300x400.jpg 300w, https:\/\/store2.k-tech-services.com\/eco_aodaingoclan\/wp-content\/uploads\/2024\/11\/z6047141428943_de5d9c4177248a5f88e259ccc2bedd88-1-520x693.jpg 520w, https:\/\/store2.k-tech-services.com\/eco_aodaingoclan\/wp-content\/uploads\/2024\/11\/z6047141428943_de5d9c4177248a5f88e259ccc2bedd88-1.jpg 960w\" sizes=\"auto, (max-width: 225px) 100vw, 225px\" \/><\/p>\n<p>&nbsp;<\/p>\n<p>H\u00e0ng \u0111\u1eb9p chu\u1ea9n t\u1eebng \u0111\u01b0\u1eddng kim m\u0169i ch\u1ec9, ch\u1ea5t li\u1ec7u cao c\u1ea5p m\u1ec1m, m\u1ecbn<br \/>\n? H\u00e0ng c\u00f3 s\u1eb5n &#8211; S\u1ed1 l\u01b0\u1ee3ng c\u00f3 h\u1ea1n &#8211; M\u1eabu \u0111\u1ed9c quy\u1ec1n -?% \u1ea2nh th\u1eadt<br \/>\n\u1ea3nh th\u1eadt 100%  . \u0110\u01b0\u1ee3c ki\u1ec3m tra h\u00e0ng tr\u01b0\u1edbc khi thanh to\u00e1n \u1ea1.<\/p>\n","protected":false},"excerpt":{"rendered":"<p>\u00c1o D\u00e0i Tacta b\u00e9 Trai<\/p>\n","protected":false},"featured_media":767,"comment_status":"open","ping_status":"closed","template":"","meta":[],"product_cat":[34],"product_tag":[52],"class_list":{"0":"post-763","1":"product","2":"type-product","3":"status-publish","4":"has-post-thumbnail","6":"product_cat-ao-dai-cho-be-trai","7":"product_tag-co-sz-cho-be-tu-80-150","9":"first","10":"instock","11":"sale","12":"shipping-taxable","13":"purchasable","14":"product-type-simple"},"_links":{"self":[{"href":"https:\/\/store2.k-tech-services.com\/eco_aodaingoclan\/wp-json\/wp\/v2\/product\/763","targetHints":{"allow":["GET"]}}],"collection":[{"href":"https:\/\/store2.k-tech-services.com\/eco_aodaingoclan\/wp-json\/wp\/v2\/product"}],"about":[{"href":"https:\/\/store2.k-tech-services.com\/eco_aodaingoclan\/wp-json\/wp\/v2\/types\/product"}],"replies":[{"embeddable":true,"href":"https:\/\/store2.k-tech-services.com\/eco_aodaingoclan\/wp-json\/wp\/v2\/comments?post=763"}],"wp:featuredmedia":[{"embeddable":true,"href":"https:\/\/store2.k-tech-services.com\/eco_aodaingoclan\/wp-json\/wp\/v2\/media\/767"}],"wp:attachment":[{"href":"https:\/\/store2.k-tech-services.com\/eco_aodaingoclan\/wp-json\/wp\/v2\/media?parent=763"}],"wp:term":[{"taxonomy":"product_cat","embeddable":true,"href":"https:\/\/store2.k-tech-services.com\/eco_aodaingoclan\/wp-json\/wp\/v2\/product_cat?post=763"},{"taxonomy":"product_tag","embeddable":true,"href":"https:\/\/store2.k-tech-services.com\/eco_aodaingoclan\/wp-json\/wp\/v2\/product_tag?post=763"}],"curies":[{"name":"wp","href":"https:\/\/api.w.org\/{rel}","templated":true}]}}