
{"id":390,"date":"2024-11-07T10:52:58","date_gmt":"2024-11-07T10:52:58","guid":{"rendered":"https:\/\/live.k-tech.net.vn\/lehosen\/?post_type=product&#038;p=390"},"modified":"2024-11-20T05:18:30","modified_gmt":"2024-11-20T05:18:30","slug":"huong-sua-dang-bot","status":"publish","type":"product","link":"https:\/\/store2.k-tech-services.com\/eco_lehoasen\/san-pham\/huong-sua-dang-bot\/","title":{"rendered":"H\u01b0\u01a1ng s\u1eefa d\u1ea1ng b\u1ed9t"},"content":{"rendered":"<p>. H\u01b0\u01a1ng\u00a0 s\u1eefa d\u1ea1ng b\u1ed9t \u0111\u01b0\u1ee3c s\u1eed d\u1ee5ng r\u1ed9ng r\u00e3i trong ng\u00e0nh th\u1ef1c ph\u1ea9m nh\u01b0 h\u1ed7 tr\u1ee3 t\u0103ng th\u00eam h\u01b0\u01a1ng v\u1ecb cho vi\u1ec7c s\u1ea3n xu\u1ea5t b\u00e1nh, k\u1eb9o v\u00e0 c\u00e1c lo\u1ea1i n\u01b0\u1edbc gi\u1ea3i kh\u00e1t, c\u00e1c lo\u1ea1i b\u1ed9t s\u1eefa\u2026<\/p>\n","protected":false},"excerpt":{"rendered":"<p>Cung c\u1ea5p h\u01b0\u01a1ng li\u1ec7u th\u1ef1c ph\u1ea9m H\u01b0\u01a1ng\u00a0 s\u1eefa s\u1eed d\u1ee5ng trong n\u01b0\u1edbc gi\u1ea3i kh\u00e1t, b\u00e1nh, k\u1eb9o, \u2026<\/p>\n<p>Th\u00f4ng tin H\u01b0\u01a1ng s\u1eefa:<\/p>\n<p>T\u00ean s\u1ea3n ph\u1ea9m: H\u01b0\u01a1ng s\u1eefa \u2013 milk flavor<\/p>\n<p>Tr\u1ea1ng th\u00e1i:\u00a0 d\u1ea1ng b\u1ed9t<\/p>\n<p>H\u01b0\u01a1ng v\u1ecb: t\u1ea1o m\u00f9i H\u01b0\u01a1ng s\u1eefa t\u1ef1 nhi\u00ean.<\/p>\n<p>\u01af\u0301ng du\u0323ng: Ph\u1ee5 gia th\u1ef1c ph\u1ea9m, h\u01b0\u01a1ng li\u1ec7u th\u1ef1c ph\u1ea9m, h\u1ed7 tr\u1ee3\u00a0 t\u1ea1o m\u00f9i h\u01b0\u01a1ng cho th\u1ef1c ph\u1ea9m, s\u1eed d\u1ee5ng trong ng\u00e0nh b\u00e1nh k\u1eb9o, k\u1eb9o cao su, n\u01b0\u1edbc gi\u1ea3i kh\u00e1t c\u00e1c lo\u1ea1i \u0111\u1ed3 u\u1ed1ng, b\u00e1nh ng\u1ecdt, c\u00e1c lo\u1ea1i siro\u2026<\/p>\n<p>. H\u01b0\u01a1ng\u00a0 s\u1eefa d\u1ea1ng b\u1ed9t \u0111\u01b0\u1ee3c s\u1eed d\u1ee5ng r\u1ed9ng r\u00e3i trong ng\u00e0nh th\u1ef1c ph\u1ea9m nh\u01b0 h\u1ed7 tr\u1ee3 t\u0103ng th\u00eam h\u01b0\u01a1ng v\u1ecb cho vi\u1ec7c s\u1ea3n xu\u1ea5t b\u00e1nh, k\u1eb9o v\u00e0 c\u00e1c lo\u1ea1i n\u01b0\u1edbc gi\u1ea3i kh\u00e1t, c\u00e1c lo\u1ea1i b\u1ed9t s\u1eefa\u2026<\/p>\n<p>Li\u1ec1u l\u01b0\u1ee3ng: T\u00f9y theo t\u1eebng lo\u1ea1i s\u1ea3n ph\u1ea9m c\u1ee5 th\u1ec3<\/p>\n<p>B\u1ea3o qu\u1ea3n: N\u01a1i kh\u00f4 r\u00e1o, s\u1ea1ch s\u1ebd, tho\u00e1ng m\u00e1t, tr\u00e1nh \u00e1nh s\u00e1ng tr\u1ef1c ti\u1ebfp v\u00e0o s\u1ea3n ph\u1ea9m, tr\u00e1nh c\u00f4n tr\u00f9ng.<\/p>\n<p>Zalo 0903656493<\/p>\n","protected":false},"featured_media":391,"comment_status":"open","ping_status":"closed","template":"","meta":[],"product_cat":[15,19,25,24,26],"product_tag":[],"class_list":{"0":"post-390","1":"product","2":"type-product","3":"status-publish","4":"has-post-thumbnail","6":"product_cat-phu-gia-thuc-pham","7":"product_cat-chat-tao-huong","8":"product_cat-san-pham-ban-chay","9":"product_cat-san-pham-moi","10":"product_cat-san-pham-tieu-bieu","12":"first","13":"instock","14":"shipping-taxable","15":"product-type-simple"},"_links":{"self":[{"href":"https:\/\/store2.k-tech-services.com\/eco_lehoasen\/wp-json\/wp\/v2\/product\/390","targetHints":{"allow":["GET"]}}],"collection":[{"href":"https:\/\/store2.k-tech-services.com\/eco_lehoasen\/wp-json\/wp\/v2\/product"}],"about":[{"href":"https:\/\/store2.k-tech-services.com\/eco_lehoasen\/wp-json\/wp\/v2\/types\/product"}],"replies":[{"embeddable":true,"href":"https:\/\/store2.k-tech-services.com\/eco_lehoasen\/wp-json\/wp\/v2\/comments?post=390"}],"wp:featuredmedia":[{"embeddable":true,"href":"https:\/\/store2.k-tech-services.com\/eco_lehoasen\/wp-json\/wp\/v2\/media\/391"}],"wp:attachment":[{"href":"https:\/\/store2.k-tech-services.com\/eco_lehoasen\/wp-json\/wp\/v2\/media?parent=390"}],"wp:term":[{"taxonomy":"product_cat","embeddable":true,"href":"https:\/\/store2.k-tech-services.com\/eco_lehoasen\/wp-json\/wp\/v2\/product_cat?post=390"},{"taxonomy":"product_tag","embeddable":true,"href":"https:\/\/store2.k-tech-services.com\/eco_lehoasen\/wp-json\/wp\/v2\/product_tag?post=390"}],"curies":[{"name":"wp","href":"https:\/\/api.w.org\/{rel}","templated":true}]}}