
{"id":473,"date":"2024-11-19T06:44:16","date_gmt":"2024-11-19T06:44:16","guid":{"rendered":"https:\/\/lehoasen.com\/?post_type=product&#038;p=473"},"modified":"2024-11-21T07:34:17","modified_gmt":"2024-11-21T07:34:17","slug":"chlorine-_-calcium-hypochlorite-70-japan","status":"publish","type":"product","link":"https:\/\/store2.k-tech-services.com\/eco_lehoasen\/san-pham\/chlorine-_-calcium-hypochlorite-70-japan\/","title":{"rendered":"Chlorine _ Calcium Hypochlorite 70% &#8211; Japan"},"content":{"rendered":"<div>M\u00d4 T\u1ea2: \u2022 C\u00f4ng Th\u1ee9c H\u00f3a H\u1ecdc : Ca(OCl)2 \u2022 H\u00e0m l\u01b0\u1ee3ng h\u00f3a ch\u1ea5t : 70% \u2022 T\u00ean g\u1ecdi kh\u00e1c : Clorin 70% , Calcium Hypocholorite, Chlorine, Calcium Chlorite, Calcium Salt, Sodium Chlorite, Hy-Chlor, Disinfectant Agent, Whitening Agent\u2026 \u2022 Ngo\u1ea1i quan : D\u1ea1ng b\u1ed9t ho\u1eb7c h\u1ea1t s\u00f9ng, c\u00f3 m\u00f9i n\u1ed3ng h\u1eafc, d\u1ec5 tan v\u1edbi n\u01b0\u1edbc. C\u00d4NG D\u1ee4NG\/\u1ee8NG D\u1ee4NG: \u2022 Chlorine trong t\u1ef1 nhi\u00ean \u0111\u01b0\u1ee3c t\u00ecm th\u1ea5y d\u01b0\u1edbi d\u1ea1ng b\u1ed9t tr\u1eafng, b\u1ed9t vi\u00ean, ho\u1eb7c t\u1ea5m ph\u1eb3ng. Chlorine c\u1ea7n \u0111\u01b0\u1ee3c b\u1ea3o qu\u1ea3n t\u1ed1t nh\u1ea5t trong \u0111i\u1ec1u ki\u1ec7n kh\u00f4 m\u00e1t, tr\u00e1nh xa c\u00e1c ch\u1ea5t h\u1eefu c\u01a1. Ch\u1ea5t n\u00e0y c\u00f3 th\u1ec3 t\u1ef1 t\u00f2a nhi\u1ec7t v\u00e0 ph\u00e2n h\u1ee7y nhanh ch\u00f3ng \u0111i k\u00e8m v\u1edbi vi\u1ec7c gi\u1ea3i ph\u00f3ng kh\u00ed clo \u0111\u1ed9c h\u1ea1i. Chlorine ph\u1ed5 bi\u1ebfn l\u00e0 m\u1ed9t ch\u1ea5t r\u1eafn m\u00e0u tr\u1eafng v\u00e0ng c\u00f3 m\u00f9i clo. \u2022 Calcium Hypochlorite l\u00e0 ch\u1ea5t s\u00e1t tr\u00f9ng ph\u1ed5 bi\u1ebfn v\u00e0 hi\u1ec7u qu\u1ea3. N\u00f3 kh\u00f4ng \u0111\u1ed9c \u0111\u1ed1i v\u1edbi ng\u01b0\u1eddi v\u00e0 l\u00e0 l\u1ef1a ch\u1ecdn t\u1ed1t so v\u1edbi formol, i-\u1ed1t ho\u1ea1t h\u00f3a (potentiated iodine) hay ammonia c\u1ea5p 4 (quarternary ammonia). \u2022 V\u1ec1 c\u00f4ng d\u1ee5ng, Calcium Hypochlorite \u0111\u01b0\u1ee3c s\u1eed d\u1ee5ng \u0111\u1ec3 kh\u1eed tr\u00f9ng trong n\u01b0\u1edbc b\u1ec3 b\u01a1i, ho\u1eb7c n\u01b0\u1edbc th\u1ea3i. Ca(OCl)2 c\u0169ng l\u00e0 m\u1ed9t th\u00e0nh ph\u1ea7n trong b\u1ed9t t\u1ea9y tr\u1eafng, \u0111\u01b0\u1ee3c s\u1eed d\u1ee5ng \u0111\u1ec3 t\u1ea9y tr\u1eafng b\u00f4ng v\u00e0 v\u1ea3i lanh. N\u00f3 c\u0169ng \u0111\u01b0\u1ee3c d\u00f9ng trong ch\u1ea5t t\u1ea9y r\u1eeda ph\u00f2ng t\u1eafm, phun thu\u1ed1c kh\u1eed tr\u00f9ng gia d\u1ee5ng, di\u1ec7t r\u00eau, di\u1ec7t t\u1ea3o, v\u00e0 tr\u1eeb c\u1ecf. \u2022 Chlorine \u0111\u01b0\u1ee3c s\u1eed d\u1ee5ng ph\u1ed5 bi\u1ebfn t\u1eeb nh\u1eefng n\u0103m 1970, do nh\u1eefng ti\u1ebfn b\u1ed9 c\u1ee7a n\u00f3 v\u1ec1 m\u1eb7t di\u1ec7t khu\u1ea9n hi\u1ec7u qu\u1ea3 v\u00e0 kh\u00f4ng t\u1ea1o ra c\u00e1c h\u1ee3p ch\u1ea5t \u0111\u1ed9c h\u1ea1i: Kh\u1eed phenol v\u00e0 c\u00e1c h\u1ee3p ch\u1ea5t h\u1eefu c\u01a1 c\u00f3 nh\u00f3m phenol (l\u00e0 ch\u1ea5t g\u00e2y ung th\u01b0). Kh\u1ea3 n\u0103ng kh\u1eed tr\u00f9ng v\u00e0 oxi h\u00f3a m\u1ea1nh c\u00e1c t\u00e1c nh\u00e2n g\u00e2y b\u1ec7nh \u0111\u1eb7c bi\u1ec7t l\u00e0 c\u00e1c d\u00f2ng vi khu\u1ea9n Giardia v\u00e0 Cryptosporidium. \u2022 Ngo\u00e0i ra, Ca(OCl)2 c\u00f3 th\u1ec3 \u0111\u01b0\u1ee3c s\u1eed d\u1ee5ng \u0111\u1ec3 s\u1ea3n xu\u1ea5t chloroform. \u2022 Chlorine \u0111\u01b0\u1ee3c \u1ee9ng d\u1ee5ng trong c\u00e1c ng\u00e0nh: x\u1eed l\u00fd n\u01b0\u1edbc , ng\u00e0nh th\u1ee7y s\u1ea3n, kh\u1eed tr\u00f9ng v\u00e0 kh\u1eed m\u00f9i trong h\u1ec7 th\u1ed1ng tho\u00e1t n\u01b0\u1edbc, t\u1ea9y tr\u1eafng trong ng\u00e0nh gi\u1ea5y v\u00e0 d\u1ec7t nhu\u1ed9m\u2026<\/div>\n","protected":false},"excerpt":{"rendered":"<p><strong>T\u00ean s\u1ea3n ph\u1ea9m:\u00a0Chlorine _ Calcium Hypochlorite 70%<\/strong><\/p>\n<p><strong>Xu\u1ea5t x\u1ee9: Japan<\/strong><\/p>\n<p><strong>Qui c\u00e1ch: 45Kg\/Th\u00f9ng.<\/strong><\/p>\n","protected":false},"featured_media":474,"comment_status":"open","ping_status":"closed","template":"","meta":[],"product_cat":[18],"product_tag":[],"class_list":{"0":"post-473","1":"product","2":"type-product","3":"status-publish","4":"has-post-thumbnail","6":"product_cat-chat-bao-quan-chong-moc-va-lam-trang-sach-san-pham","8":"first","9":"instock","10":"shipping-taxable","11":"product-type-simple"},"_links":{"self":[{"href":"https:\/\/store2.k-tech-services.com\/eco_lehoasen\/wp-json\/wp\/v2\/product\/473","targetHints":{"allow":["GET"]}}],"collection":[{"href":"https:\/\/store2.k-tech-services.com\/eco_lehoasen\/wp-json\/wp\/v2\/product"}],"about":[{"href":"https:\/\/store2.k-tech-services.com\/eco_lehoasen\/wp-json\/wp\/v2\/types\/product"}],"replies":[{"embeddable":true,"href":"https:\/\/store2.k-tech-services.com\/eco_lehoasen\/wp-json\/wp\/v2\/comments?post=473"}],"wp:featuredmedia":[{"embeddable":true,"href":"https:\/\/store2.k-tech-services.com\/eco_lehoasen\/wp-json\/wp\/v2\/media\/474"}],"wp:attachment":[{"href":"https:\/\/store2.k-tech-services.com\/eco_lehoasen\/wp-json\/wp\/v2\/media?parent=473"}],"wp:term":[{"taxonomy":"product_cat","embeddable":true,"href":"https:\/\/store2.k-tech-services.com\/eco_lehoasen\/wp-json\/wp\/v2\/product_cat?post=473"},{"taxonomy":"product_tag","embeddable":true,"href":"https:\/\/store2.k-tech-services.com\/eco_lehoasen\/wp-json\/wp\/v2\/product_tag?post=473"}],"curies":[{"name":"wp","href":"https:\/\/api.w.org\/{rel}","templated":true}]}}