
{"id":487,"date":"2024-11-20T05:21:27","date_gmt":"2024-11-20T05:21:27","guid":{"rendered":"https:\/\/lehoasen.com\/?post_type=product&#038;p=487"},"modified":"2024-11-21T07:35:20","modified_gmt":"2024-11-21T07:35:20","slug":"chong-von-tixosil-38","status":"publish","type":"product","link":"https:\/\/store2.k-tech-services.com\/eco_lehoasen\/san-pham\/chong-von-tixosil-38\/","title":{"rendered":"Ch\u00f3ng V\u00f3n TIXOSIL 38"},"content":{"rendered":"<ul>\n<li>M\u00f4 t\u1ea3: Silica d\u1ea1ng aerogel: silica c\u1ea5u tr\u00fac si\u00eau m\u1ecbn d\u1ea1ng b\u1ed9t hay h\u1ea1t nh\u1ecf Silica hydrat h\u00f3a: l\u00e0 silic dioxyd k\u1ebft t\u1ee7a, hydrat h\u00f3a d\u1ea1ng b\u1ed9t v\u00f4 \u0111\u1ecbnh h\u00ecnh, ho\u1eb7c h\u1ea1t.<\/li>\n<li>Ch\u1ec9 s\u1ed1 qu\u1ed1c t\u1ebf: E551<\/li>\n<li>L\u0129nh v\u1ef1c: Ph\u1ee5 gia th\u1ef1c ph\u1ea9m: CH\u1ea4T CH\u1ed0NG \u0110\u00d4NG v\u00f3n ch\u1ea5t ch\u1ed1ng t\u1ea1o b\u1ecdt.<\/li>\n<li>\u0110\u1ed9 tinh khi\u1ebft: &gt; 95 %<\/li>\n<li>\u0110i\u1ec3m n\u00f3ng ch\u1ea3y: &gt; 1700\u00b0C<\/li>\n<li>Nhi\u1ec7t \u0111\u1ed9 s\u00f4i: 2230\u00a0\u00b0C<\/li>\n<li>\u0110\u1ed9 h\u00f2a tan: Kh\u00f4ng h\u00f2a tan trong n\u01b0\u1edbc v\u00e0 ethanol Tan trong axit hydrofluoric v\u00e0 ki\u1ec1m (800-1000C)<\/li>\n<li>H\u1ea5p th\u1ee5 d\u1ea7u: 270 ml\/100 gam<\/li>\n<li>Xu\u1ea5t x\u1ee9: \u00a0H\u00e0n qu\u1ed1c<\/li>\n<li>Quy c\u00e1ch :\u00a0Bao\u00a015 Kg<\/li>\n<\/ul>\n","protected":false},"excerpt":{"rendered":"<p><strong><b>C\u00f4ng d\u1ee5ng\/\u1ee8ng d\u1ee5ng:<\/b><\/strong><\/p>\n<ul>\n<li>TIOXIL 38 th\u01b0\u1eddng \u0111\u01b0\u1ee3c s\u1eed d\u1ee5ng trong c\u00e1c lo\u1ea1i th\u1ef1c ph\u1ea9m ch\u1ebf bi\u1ebfn nh\u01b0 gi\u00f2, ch\u1ea3, x\u00fac x\u00edch, b\u00e1nh k\u1eb9o, ho\u1eb7c c\u00e1c s\u1ea3n ph\u1ea9m \u0111\u00f4ng l\u1ea1nh \u0111\u1ec3 gi\u00fap b\u1ea3o qu\u1ea3n s\u1ea3n ph\u1ea9m v\u00e0 gi\u1eef cho th\u1ef1c ph\u1ea9m gi\u1eef \u0111\u01b0\u1ee3c c\u1ea5u tr\u00fac c\u0169ng nh\u01b0 m\u00e0u s\u1eafc \u0111\u1eb9p h\u01a1n.<\/li>\n<li>\u0110\u01b0\u1ee3c s\u1eed d\u1ee5ng trong c\u00e1c s\u1ea3n ph\u1ea9m c\u1ea7n l\u00e0m t\u01a1i nh\u01b0 h\u1ed7n h\u1ee3p soup kh\u00f4, b\u1ed9t canh, c\u00e1c lo\u1ea1i gia v\u1ecb, mu\u1ed1i, s\u1eefa b\u1ed9t, s\u1eefa thay th\u1ebf, pho m\u00e1t nghi\u1ec1n, cream kh\u00f4ng s\u1eefa (Non \u2013 dairy creamers) \u0111\u1ec3 ng\u0103n ch\u1eb7n s\u1ef1 \u0111\u00f4ng v\u00f3n, ng\u0103n ch\u1eb7n s\u1ef1 h\u00fat \u1ea9m, k\u00e9o d\u00e0i th\u1eddi gian b\u1ea3o qu\u1ea3n.<\/li>\n<li>\u1ee8ng d\u1ee5ng r\u1ed9ng r\u00e3i trong ng\u00e0nh c\u00f4ng nghi\u1ec7p th\u1ef1c ph\u1ea9m nh\u01b0 l\u00e0 m\u1ed9t ch\u1ea5t tr\u1ee3 gi\u00fap ch\u1ebf bi\u1ebfn: ch\u1ea5t ch\u1ed1ng v\u00f3n, ch\u1ed1ng h\u00fat \u1ea9m, t\u1ea1o \u0111\u1ed9 t\u01a1i x\u1ed1p<\/li>\n<\/ul>\n<p><strong><b>H\u01b0\u1edbng d\u1eabn s\u1eed d\u1ee5ng<\/b><\/strong><\/p>\n<ul>\n<li><b><\/b><strong><b>H\u00f2a tan<\/b><\/strong>: TIOXIL 38 th\u01b0\u1eddng \u0111\u01b0\u1ee3c h\u00f2a tan trong n\u01b0\u1edbc ho\u1eb7c dung d\u1ecbch tr\u01b0\u1edbc khi tr\u1ed9n v\u00e0o c\u00e1c nguy\u00ean li\u1ec7u kh\u00e1c. \u0110\u1ea3m b\u1ea3o h\u00f2a tan ho\u00e0n to\u00e0n \u0111\u1ec3 \u0111\u1ea1t hi\u1ec7u qu\u1ea3 t\u1ed1i \u01b0u.<\/li>\n<li><b><\/b><strong><b>Tr\u1ed9n tr\u1ef1c ti\u1ebfp<\/b><\/strong>: Trong m\u1ed9t s\u1ed1 tr\u01b0\u1eddng h\u1ee3p, TIOXIL 38 c\u00f3 th\u1ec3 \u0111\u01b0\u1ee3c th\u00eam tr\u1ef1c ti\u1ebfp v\u00e0o s\u1ea3n ph\u1ea9m trong qu\u00e1 tr\u00ecnh tr\u1ed9n ho\u1eb7c nh\u00e0o, nh\u01b0ng c\u1ea7n \u0111\u1ea3m b\u1ea3o ph\u00e2n b\u1ed1 \u0111\u1ec1u trong h\u1ed7n h\u1ee3p.<\/li>\n<li>Li\u1ec1u l\u01b0\u1ee3ng c\u1ee7a TIOXIL 38 ph\u1ee5 thu\u1ed9c v\u00e0o lo\u1ea1i s\u1ea3n ph\u1ea9m v\u00e0 y\u00eau c\u1ea7u k\u1ef9 thu\u1eadt c\u1ee7a t\u1eebng c\u00f4ng \u0111o\u1ea1n s\u1ea3n xu\u1ea5t. Nh\u00e0 s\u1ea3n xu\u1ea5t th\u01b0\u1eddng \u0111\u01b0a ra khuy\u1ebfn c\u00e1o c\u1ee5 th\u1ec3 v\u1ec1 t\u1ec9 l\u1ec7 s\u1eed d\u1ee5ng ph\u00f9 h\u1ee3p.<\/li>\n<li>Th\u00f4ng th\u01b0\u1eddng, t\u1ef7 l\u1ec7 s\u1eed d\u1ee5ng dao \u0111\u1ed9ng t\u1eeb 0,01% \u0111\u1ebfn 0,1% kh\u1ed1i l\u01b0\u1ee3ng s\u1ea3n ph\u1ea9m, t\u00f9y thu\u1ed9c v\u00e0o lo\u1ea1i th\u1ef1c ph\u1ea9m.<\/li>\n<\/ul>\n<p><strong><b>L\u01b0u \u00fd khi s\u1eed d\u1ee5ng<\/b><\/strong><\/p>\n<ul>\n<li><b><\/b><strong><b>An to\u00e0n th\u1ef1c ph\u1ea9m<\/b><\/strong>: TIOXIL 38 ph\u1ea3i tu\u00e2n th\u1ee7 c\u00e1c quy \u0111\u1ecbnh v\u1ec1 an to\u00e0n th\u1ef1c ph\u1ea9m c\u1ee7a c\u01a1 quan ch\u1ee9c n\u0103ng, \u0111\u1eb7c bi\u1ec7t v\u1ec1 li\u1ec1u l\u01b0\u1ee3ng t\u1ed1i \u0111a \u0111\u01b0\u1ee3c ph\u00e9p s\u1eed d\u1ee5ng trong th\u1ef1c ph\u1ea9m.<\/li>\n<li><b><\/b><strong><b>B\u1ea3o qu\u1ea3n<\/b><\/strong>: \u0110\u1ec3 \u0111\u1ea3m b\u1ea3o ch\u1ea5t l\u01b0\u1ee3ng c\u1ee7a TIOXIL 38, c\u1ea7n b\u1ea3o qu\u1ea3n s\u1ea3n ph\u1ea9m \u1edf n\u01a1i kh\u00f4 r\u00e1o, tho\u00e1ng m\u00e1t, tr\u00e1nh \u00e1nh n\u1eafng tr\u1ef1c ti\u1ebfp v\u00e0 nhi\u1ec7t \u0111\u1ed9 cao.<\/li>\n<li><b><\/b><strong><b>Kh\u00f4ng l\u1ea1m d\u1ee5ng<\/b><\/strong>: S\u1eed d\u1ee5ng \u0111\u00fang li\u1ec1u l\u01b0\u1ee3ng quy \u0111\u1ecbnh \u0111\u1ec3 \u0111\u1ea3m b\u1ea3o an to\u00e0n cho s\u1ee9c kh\u1ecfe ng\u01b0\u1eddi ti\u00eau d\u00f9ng. Vi\u1ec7c s\u1eed d\u1ee5ng qu\u00e1 li\u1ec1u c\u00f3 th\u1ec3 g\u00e2y ra t\u00e1c \u0111\u1ed9ng ti\u00eau c\u1ef1c \u0111\u1ebfn s\u1ee9c kh\u1ecfe.<\/li>\n<\/ul>\n","protected":false},"featured_media":488,"comment_status":"open","ping_status":"closed","template":"","meta":[],"product_cat":[15,17,25],"product_tag":[],"class_list":{"0":"post-487","1":"product","2":"type-product","3":"status-publish","4":"has-post-thumbnail","6":"product_cat-phu-gia-thuc-pham","7":"product_cat-chat-tao-ngot","8":"product_cat-san-pham-ban-chay","10":"first","11":"instock","12":"shipping-taxable","13":"product-type-simple"},"_links":{"self":[{"href":"https:\/\/store2.k-tech-services.com\/eco_lehoasen\/wp-json\/wp\/v2\/product\/487","targetHints":{"allow":["GET"]}}],"collection":[{"href":"https:\/\/store2.k-tech-services.com\/eco_lehoasen\/wp-json\/wp\/v2\/product"}],"about":[{"href":"https:\/\/store2.k-tech-services.com\/eco_lehoasen\/wp-json\/wp\/v2\/types\/product"}],"replies":[{"embeddable":true,"href":"https:\/\/store2.k-tech-services.com\/eco_lehoasen\/wp-json\/wp\/v2\/comments?post=487"}],"wp:featuredmedia":[{"embeddable":true,"href":"https:\/\/store2.k-tech-services.com\/eco_lehoasen\/wp-json\/wp\/v2\/media\/488"}],"wp:attachment":[{"href":"https:\/\/store2.k-tech-services.com\/eco_lehoasen\/wp-json\/wp\/v2\/media?parent=487"}],"wp:term":[{"taxonomy":"product_cat","embeddable":true,"href":"https:\/\/store2.k-tech-services.com\/eco_lehoasen\/wp-json\/wp\/v2\/product_cat?post=487"},{"taxonomy":"product_tag","embeddable":true,"href":"https:\/\/store2.k-tech-services.com\/eco_lehoasen\/wp-json\/wp\/v2\/product_tag?post=487"}],"curies":[{"name":"wp","href":"https:\/\/api.w.org\/{rel}","templated":true}]}}