
{"id":499,"date":"2024-11-20T05:36:21","date_gmt":"2024-11-20T05:36:21","guid":{"rendered":"https:\/\/lehoasen.com\/?post_type=product&#038;p=499"},"modified":"2024-11-20T05:36:21","modified_gmt":"2024-11-20T05:36:21","slug":"l-lysine-feed-grade-han-quoc","status":"publish","type":"product","link":"https:\/\/store2.k-tech-services.com\/eco_lehoasen\/san-pham\/l-lysine-feed-grade-han-quoc\/","title":{"rendered":"L-Lysine (Feed Grade) &#8211; H\u00e0n Qu\u1ed1c"},"content":{"rendered":"<p>T\u00ean S\u1ea3n Ph\u1ea9m:\u00a0L-Lysine (Feed Grade)<\/p>\n<p>Xu\u1ea5t X\u1ee9:- H\u00e0n Qu\u1ed1c<\/p>\n<p>Qui C\u00e1ch: 25Kg\/Bao.<\/p>\n","protected":false},"excerpt":{"rendered":"<ul class=\"attr-pro-detail\">\n<li>\n<div>L-Lysine l\u00e0 m\u1ed9t amino acid thi\u1ebft y\u1ebfu m\u00e0 c\u01a1 th\u1ec3 \u0111\u1ed9ng v\u1eadt kh\u00f4ng t\u1ef1 t\u1ed5ng h\u1ee3p ra \u0111\u01b0\u1ee3c. L-Lysine l\u00e0 th\u00e0nh ph\u1ea7n quan tr\u1ecdng trong t\u1ea5t c\u1ea3 c\u00e1c protein c\u1ee7a c\u01a1 th\u1ec3. L-Lysine c\u00f3 t\u00e1c d\u1ee5ng t\u0103ng h\u1ea5p thu canxi v\u00e0 t\u1ea1o c\u01a1 b\u1eafp \u1edf \u0111\u1ed9ng v\u1eadt. Lysine (Feed grade) \u0111\u01b0\u1ee3c s\u1eed d\u1ee5ng r\u1ed9ng r\u00e3i nh\u01b0 axit amin \u0111\u01b0\u1ee3c y\u00eau c\u1ea7u trong c\u00e1c ch\u1ebf \u0111\u1ed9 \u0103n c\u1ee7a l\u1ee3n, gia c\u1ea7m v\u00e0 g\u1ea7n nh\u01b0 t\u1ea5t c\u1ea3 c\u00e1c c\u00e1c \u0111\u1ed9ng v\u1eadt kh\u00e1c. N\u00f3 ch\u1ee9a m\u1ed9t s\u1ed1 l\u01b0\u1ee3ng l\u1edbn c\u00e1c ingornic mu\u1ed1i m\u00e0 c\u00f3 th\u1ec3 c\u1ea3i thi\u1ec7n \u0111\u1ed9ng v\u1eadt h\u1ea5p th\u1ee5 v\u00e0 chuy\u1ec3n h\u00f3a protein, l\u1ea7n l\u01b0\u1ee3t n\u00f3 c\u00f3 th\u1ec3 th\u00fac \u0111\u1ea9y animals&#8217; t\u1ed1c \u0111\u1ed9 t\u0103ng tr\u01b0\u1edfng, v\u00e0 c\u1ea3i thi\u1ec7n c\u1ee7a h\u1ecd kh\u1ea3 n\u0103ng c\u1ee7a ch\u1ed1ng-b\u1ec7nh t\u1eadt<\/div>\n<\/li>\n<\/ul>\n","protected":false},"featured_media":500,"comment_status":"open","ping_status":"closed","template":"","meta":[],"product_cat":[22],"product_tag":[],"class_list":{"0":"post-499","1":"product","2":"type-product","3":"status-publish","4":"has-post-thumbnail","6":"product_cat-phu-gia-dung-trong-chan-nuoi-va-phan-bon","8":"first","9":"instock","10":"shipping-taxable","11":"product-type-simple"},"_links":{"self":[{"href":"https:\/\/store2.k-tech-services.com\/eco_lehoasen\/wp-json\/wp\/v2\/product\/499","targetHints":{"allow":["GET"]}}],"collection":[{"href":"https:\/\/store2.k-tech-services.com\/eco_lehoasen\/wp-json\/wp\/v2\/product"}],"about":[{"href":"https:\/\/store2.k-tech-services.com\/eco_lehoasen\/wp-json\/wp\/v2\/types\/product"}],"replies":[{"embeddable":true,"href":"https:\/\/store2.k-tech-services.com\/eco_lehoasen\/wp-json\/wp\/v2\/comments?post=499"}],"wp:featuredmedia":[{"embeddable":true,"href":"https:\/\/store2.k-tech-services.com\/eco_lehoasen\/wp-json\/wp\/v2\/media\/500"}],"wp:attachment":[{"href":"https:\/\/store2.k-tech-services.com\/eco_lehoasen\/wp-json\/wp\/v2\/media?parent=499"}],"wp:term":[{"taxonomy":"product_cat","embeddable":true,"href":"https:\/\/store2.k-tech-services.com\/eco_lehoasen\/wp-json\/wp\/v2\/product_cat?post=499"},{"taxonomy":"product_tag","embeddable":true,"href":"https:\/\/store2.k-tech-services.com\/eco_lehoasen\/wp-json\/wp\/v2\/product_tag?post=499"}],"curies":[{"name":"wp","href":"https:\/\/api.w.org\/{rel}","templated":true}]}}