{"id":1135,"date":"2024-07-25T15:57:57","date_gmt":"2024-07-25T08:57:57","guid":{"rendered":"https:\/\/maychieuyamazaki.com\/?post_type=product&#038;p=1135"},"modified":"2024-10-30T20:40:18","modified_gmt":"2024-10-30T13:40:18","slug":"man-chieu-phan-quang-dan-tuong-cao-cap-120-inch-tang-kem","status":"publish","type":"product","link":"https:\/\/store2.k-tech-services.com\/maychieu\/san-pham\/man-chieu-phan-quang-dan-tuong-cao-cap-120-inch-tang-kem\/","title":{"rendered":"M\u00e0n Chi\u1ebfu Ph\u1ea3n Quang D\u00e1n T\u01b0\u1eddng Cao C\u1ea5p 120 Inch (T\u1eb7ng K\u00e8m)"},"content":{"rendered":"<h3 class=\"QN2lPu\"><strong>M\u00e0n chi\u1ebfu ph\u1ea3n quang<\/strong> l\u00e0 m\u00e0n chi\u1ebfu di \u0111\u1ed9ng th\u01b0\u1eddng \u0111\u01b0\u1ee3c s\u1eed d\u1ee5ng t\u1ea1i c\u00e1c h\u1ed9i tr\u01b0\u1eddng, qu\u00e1n cafe, qu\u00e1n n\u01b0\u1edbc&#8230;.B\u1edfi \u01b0u \u0111i\u1ec3m nh\u1eb9, c\u00f3 th\u1ec3 g\u1ea5p g\u1ecdn mang \u0111i. <strong>M\u00e0n \u0111\u01b0\u1ee3c gia c\u00f4ng t\u1ec9 m\u1ec9<\/strong> b\u1eb1ng <strong>ch\u1ea5t li\u1ec7u cao c\u1ea5p<\/strong>, kh\u00f4ng nh\u01b0 c\u00e1c s\u1ea3n ph\u1ea9m gi\u00e1 r\u1ebb kh\u00e1c tr\u00f4i n\u1ed5i tr\u00ean th\u1ecb tr\u01b0\u1eddng<\/h3>\n<p class=\"QN2lPu\">? TH\u00d4NG S\u1ed0 M\u00e0n chi\u1ebfu ph\u1ea3n quang<\/p>\n<p class=\"QN2lPu\">Ch\u1ea5t li\u1ec7u: <strong>polyester<\/strong> v\u00e0 <strong>l\u1edbp ph\u1ee7 quang h\u1ecdc<\/strong><\/p>\n<p class=\"QN2lPu\">T\u1ef7 l\u1ec7 m\u00e0n h\u00ecnh: 16:9<\/p>\n<p class=\"QN2lPu\">G\u00f3c nh\u00ecn: +\/- 55 \u0111\u1ed9, gain \u0111\u1ea1t 1.3<\/p>\n<p class=\"QN2lPu\">M\u00e0u ch\u1ee7 \u0111\u1ea1o: <strong>X\u00e1m<\/strong><\/p>\n<p class=\"QN2lPu\">Chi\u1ec1u d\u00e0i \u0111\u01b0\u1eddng ch\u00e9o: <strong>100-Inch, 120inch (t\u00f9y ch\u1ecdn)<\/strong><\/p>\n<p class=\"QN2lPu\">-100 inch: K\u00edch th\u01b0\u1edbc m\u00e0n h\u00ecnh: 221*124cm\/87.00 * 48,71in<\/p>\n<p class=\"QN2lPu\">Tr\u1ecdng l\u01b0\u1ee3ng m\u00e0n h\u00ecnh: 430g\/15.16oz<\/p>\n<p class=\"QN2lPu\">-120 inch: K\u00edch th\u01b0\u1edbc m\u00e0n h\u00ecnh: 265*150cm\/104.33 * 59,05in<\/p>\n<p class=\"QN2lPu\">Tr\u1ecdng l\u01b0\u1ee3ng m\u00e0n h\u00ecnh: 635g\/22,39<\/p>\n<p>#manchieu #manphanquang #manmaychieu #manyamazaki #manchieu12inch #manchieulon #yamazaki<\/p>\n","protected":false},"excerpt":{"rendered":"<ul>\n<li>\n<h3><strong>M\u00e0n Chi\u1ebfu Ph\u1ea3n Quang<\/strong> D\u00e1n T\u01b0\u1eddng Cao C\u1ea5p 120 Inch<\/h3>\n<\/li>\n<li>M\u00e0n H\u00ecnh Full HD 1080P, 4K S\u1eafc N\u00e9t<\/li>\n<li>\u0110\u1ed9 T\u01b0\u01a1ng Ph\u1ea3n Cao Ch\u1ed1ng L\u00f3a<\/li>\n<\/ul>\n","protected":false},"featured_media":1071,"comment_status":"open","ping_status":"closed","template":"","meta":{"rank_math_lock_modified_date":false},"product_cat":[19],"product_tag":[],"class_list":{"0":"post-1135","1":"product","2":"type-product","3":"status-publish","4":"has-post-thumbnail","6":"product_cat-phu-kien-may-chieu","8":"first","9":"instock","10":"sale","11":"shipping-taxable","12":"purchasable","13":"product-type-simple"},"_links":{"self":[{"href":"https:\/\/store2.k-tech-services.com\/maychieu\/wp-json\/wp\/v2\/product\/1135","targetHints":{"allow":["GET"]}}],"collection":[{"href":"https:\/\/store2.k-tech-services.com\/maychieu\/wp-json\/wp\/v2\/product"}],"about":[{"href":"https:\/\/store2.k-tech-services.com\/maychieu\/wp-json\/wp\/v2\/types\/product"}],"replies":[{"embeddable":true,"href":"https:\/\/store2.k-tech-services.com\/maychieu\/wp-json\/wp\/v2\/comments?post=1135"}],"wp:featuredmedia":[{"embeddable":true,"href":"https:\/\/store2.k-tech-services.com\/maychieu\/wp-json\/wp\/v2\/media\/1071"}],"wp:attachment":[{"href":"https:\/\/store2.k-tech-services.com\/maychieu\/wp-json\/wp\/v2\/media?parent=1135"}],"wp:term":[{"taxonomy":"product_cat","embeddable":true,"href":"https:\/\/store2.k-tech-services.com\/maychieu\/wp-json\/wp\/v2\/product_cat?post=1135"},{"taxonomy":"product_tag","embeddable":true,"href":"https:\/\/store2.k-tech-services.com\/maychieu\/wp-json\/wp\/v2\/product_tag?post=1135"}],"curies":[{"name":"wp","href":"https:\/\/api.w.org\/{rel}","templated":true}]}}