{"id":124,"date":"2024-05-17T07:33:59","date_gmt":"2024-05-17T07:33:59","guid":{"rendered":"https:\/\/live.k-tech.net.vn\/wp-lehuynh\/?page_id=124"},"modified":"2024-07-05T09:10:03","modified_gmt":"2024-07-05T09:10:03","slug":"gioi-thieu","status":"publish","type":"page","link":"https:\/\/store2.k-tech-services.com\/moitruong\/gioi-thieu\/","title":{"rendered":"Gi\u1edbi thi\u1ec7u"},"content":{"rendered":"\t<div id=\"gap-1781552998\" class=\"gap-element clearfix\" style=\"display:block; height:auto;\">\n\t\t\n<style>\n#gap-1781552998 {\n  padding-top: 30px;\n}\n<\/style>\n\t<\/div>\n\t\n<div class=\"row row-main\">\n<div class=\"large-12 col\">\n<div class=\"col-inner\">\n<header class=\"entry-header\">\n<h1 class=\"entry-title mb uppercase\"><span style=\"color: #000000;\">Gi\u1edbi thi\u1ec7u<\/span><\/h1>\n<\/header>\n<h1 style=\"text-align: center;\"><span style=\"font-size: 120%; font-family: arial, helvetica, sans-serif; color: #3366ff;\"><span class=\"fontstyle0\">C\u00f4ng ty TNHH MTV C\u00f4ng Ngh\u1ec7 M\u00f4i Tr\u01b0\u1eddng L\u00ea Hu\u1ef3nh<\/span>\u00a0<\/span><\/h1>\n<h1 style=\"text-align: center;\"><span style=\"font-size: 120%; font-family: arial, helvetica, sans-serif; color: #3366ff;\">H\u1ed9i nh\u1eadp v\u00e0 Ph\u00e1t tri\u1ec3n<\/span><\/h1>\n<p><span style=\"color: #0000ff;\"><strong><span class=\"fontstyle0\">C\u00f4ng ty TNHH MTV C\u00f4ng Ngh\u1ec7 M\u00f4i Tr\u01b0\u1eddng L\u00ea Hu\u1ef3nh <\/span><\/strong><\/span><span style=\"color: #000000;\"><span class=\"fontstyle2\">l\u00e0 m\u1ed9t trong nh\u1eefng c\u00f4ng ty ho\u1ea1t \u0111\u1ed9ng trong l\u0129nh v\u1ef1c c\u00f4ng ngh\u1ec7 m\u00f4i tr\u01b0\u1eddng. C\u00f4ng ty ch\u00fang t\u00f4i \u0111\u00e3 v\u00e0 \u0111ang t\u01b0 v\u1ea5n nh\u1eb1m cung c\u1ea5p cho c\u00e1c nh\u00e0 \u0111\u1ea7u t\u01b0 nh\u1eefng ph\u01b0\u01a1ng \u00e1n x\u1eed l\u00fd m\u00f4i tr\u01b0\u1eddng hi\u1ec7u qu\u1ea3 v\u00e0 kinh t\u1ebf nh\u1ea5t, th\u1ea9m m\u1ef9 v\u00e0 b\u1ec1n v\u1eefng l\u00e2u d\u00e0i. Hi\u1ec7n t\u1ea1i, ch\u00fang t\u00f4i \u0111\u00e3 th\u1ef1c hi\u1ec7n d\u1ef1 \u00e1n ph\u1ee5c v\u1ee5 c\u1ed9ng \u0111\u1ed3ng, c\u00e1c t\u1ed5 ch\u1ee9c, doanh nghi\u1ec7p trong n\u01b0\u1edbc v\u00e0 ngo\u00e0i n\u01b0\u1edbc. Ngo\u00e0i ra <\/span><span style=\"color: #0000ff;\"><strong><span class=\"fontstyle0\">M\u00f4i Tr\u01b0\u1eddng L\u00ea Hu\u1ef3nh <\/span><\/strong><\/span><span class=\"fontstyle2\">c\u00f2n l\u00e0 nh\u00e0 chuy\u00ean cung c\u1ea5p c\u00e1c thi\u1ebft k\u1ebf, c\u00f4ng ngh\u1ec7, thi c\u00f4ng v\u00e0 qu\u1ea3n l\u00fd c\u00e1c d\u1ef1 \u00e1n li\u00ean quan t\u1edbi m\u00f4i tr\u01b0\u1eddng cho m\u1ecdi l\u0129nh v\u1ef1c s\u1ea3n xu\u1ea5t v\u00e0 d\u1ecbch v\u1ee5\u2026<\/span><\/span><\/p>\n<p><img loading=\"lazy\" decoding=\"async\" class=\" wp-image-128 aligncenter\" src=\"https:\/\/live.k-tech.net.vn\/wp-lehuynh\/wp-content\/uploads\/2024\/05\/21f2a6ebaa650b3b5274-300x178.jpg\" alt=\"\" width=\"491\" height=\"292\" srcset=\"https:\/\/store2.k-tech-services.com\/moitruong\/wp-content\/uploads\/2024\/05\/21f2a6ebaa650b3b5274-300x178.jpg 300w, https:\/\/store2.k-tech-services.com\/moitruong\/wp-content\/uploads\/2024\/05\/21f2a6ebaa650b3b5274.jpg 547w\" sizes=\"auto, (max-width: 491px) 100vw, 491px\" \/><\/p>\n<p><span style=\"color: #000000;\"><strong><span style=\"color: #0000ff;\">\u00a0 <\/span><\/strong><span class=\"fontstyle0\"><strong><span style=\"color: #0000ff;\">C\u00f4ng ty<\/span><\/strong> <span style=\"color: #0000ff;\"><strong>TNHH MTV C\u00f4ng Ngh\u1ec7 M\u00f4i Tr\u01b0\u1eddng L\u00ea Hu\u1ef3nh <\/strong><\/span><\/span><span class=\"fontstyle2\">l\u00e0 t\u1eadp h\u1ee3p m\u1ed9t \u0111\u1ed9i ng\u0169 bao g\u1ed3m nh\u1eefng k\u1ef9 s\u01b0 c\u00f4ng ngh\u1ec7 m\u00f4i tr\u01b0\u1eddng gi\u00e0u kinh nghi\u1ec7m v\u00e0 nhi\u1ec7t huy\u1ebft. Ch\u00fang t\u00f4i \u0111\u00e3, \u0111ang v\u00e0 s\u1eb5n s\u00e0ng \u0111\u00e1p \u1ee9ng nh\u1eefng y\u00eau c\u1ea7u ph\u1ee9c t\u1ea1p v\u00e0 kh\u1eaft khe nh\u1ea5t c\u1ee7a kh\u00e1ch h\u00e0ng.<\/span><\/span><\/p>\n<p><img loading=\"lazy\" decoding=\"async\" class=\"lazy-load-active aligncenter wp-image-13236 size-full\" title=\"Danh m\u1ee5c d\u1ecbch v\u1ee5 L\u00ea hu\u1ef3nh\" src=\"https:\/\/hoabinhxanh.vn\/wp-content\/uploads\/2022\/11\/danh-muc.png\" sizes=\"auto, (max-width: 1000px) 100vw, 1000px\" srcset=\"https:\/\/hoabinhxanh.vn\/wp-content\/uploads\/2022\/11\/danh-muc.png 1000w, https:\/\/hoabinhxanh.vn\/wp-content\/uploads\/2022\/11\/danh-muc-510x383.png 510w\" alt=\"Danh m\u1ee5c d\u1ecbch v\u1ee5 L\u00ea Hu\u1ef3nh\" width=\"1000\" height=\"750\" data-src=\"https:\/\/hoabinhxanh.vn\/wp-content\/uploads\/2022\/11\/danh-muc.png\" data-srcset=\"https:\/\/hoabinhxanh.vn\/wp-content\/uploads\/2022\/11\/danh-muc.png 1000w, https:\/\/hoabinhxanh.vn\/wp-content\/uploads\/2022\/11\/danh-muc-510x383.png 510w\" \/><\/p>\n<p style=\"text-align: center;\"><em>Danh m\u1ee5c d\u1ecbch v\u1ee5 c\u1ee7a L\u00ea Hu\u1ef3nh<\/em><\/p>\n<h3><span style=\"color: #008080;\">\u00a0 1. D\u1ecbch v\u1ee5 t\u01b0 v\u1ea5n thi\u1ebft k\u1ebf m\u00f4i tr\u01b0\u1eddng C\u00f4ng ty TNHH C\u00f4ng ngh\u1ec7 M\u00f4i tr\u01b0\u1eddng L\u00ea Hu\u1ef3nh<\/span><\/h3>\n<ul>\n<li>\u00a0<span class=\"fontstyle0\" style=\"color: #000000;\">Thi\u1ebft k\u1ebf h\u1ec7 th\u1ed1ng x\u1eed l\u00fd n\u01b0\u1edbc c\u1ea5p sinh ho\u1ea1t v\u00e0 c\u00f4ng nghi\u1ec7p<\/span><\/li>\n<li><span style=\"color: #000000;\"><span class=\"fontstyle0\">Thi\u1ebft k\u1ebf h\u1ec7 th\u1ed1ng x\u1eed l\u00fd \u00f4 nhi\u1ec5m kh\u00f4ng kh\u00ed (b\u1ee5i, VOC, ti\u1ebfng \u1ed3n, SO<\/span><span class=\"fontstyle0\">x<\/span><span class=\"fontstyle0\">, NO<\/span><span class=\"fontstyle0\">x<\/span><span class=\"fontstyle0\">)<\/span><\/span><\/li>\n<li><span class=\"fontstyle0\" style=\"color: #000000;\">Chuy\u1ec3n giao c\u00f4ng ngh\u1ec7 m\u00f4i tr\u01b0\u1eddng<\/span><\/li>\n<li><span class=\"fontstyle0\" style=\"color: #000000;\"> L\u1eadp b\u00e1o c\u00e1o \u0110\u00e1nh gi\u00e1 T\u00e1c \u0111\u1ed9ng M\u00f4i tr\u01b0\u1eddng <\/span><\/li>\n<li><span class=\"fontstyle0\" style=\"color: #000000;\"> Xin c\u1ea5p Gi\u1ea5y ph\u00e9p m\u00f4i tr\u01b0\u1eddng <\/span><\/li>\n<li><span class=\"fontstyle0\" style=\"color: #000000;\"> Gi\u00e1m s\u00e1t l\u1eafp \u0111\u1eb7t thi\u1ebft b\u1ecb c\u00e1c c\u00f4ng tr\u00ecnh XLNT <\/span><\/li>\n<li><span class=\"fontstyle0\" style=\"color: #000000;\"> T\u01b0 v\u1ea5n c\u00f4ng ngh\u1ec7 s\u1ea3n xu\u1ea5t s\u1ea1ch h\u01a1n (CP) <\/span><\/li>\n<li><span class=\"fontstyle0\" style=\"color: #000000;\"> Nh\u1eadn ph\u00e2n t\u00edch m\u1eabu n\u01b0\u1edbc, \u0111\u1ea5t, \u0111\u00e1, kh\u00f4ng kh\u00ed <\/span><\/li>\n<li><span class=\"fontstyle0\" style=\"color: #000000;\"> Nh\u1eadn cung c\u1ea5p ho\u00e1 ch\u1ea5t v\u00e0 thi\u1ebft b\u1ecb x\u1eed l\u00fd m\u00f4i tr\u01b0\u1eddng <\/span><\/li>\n<li><span class=\"fontstyle0\" style=\"color: #000000;\"> Xin c\u1ea5p ph\u00e9p khai th\u00e1c n\u01b0\u1edbc ng\u1ea7m <\/span><\/li>\n<li><span class=\"fontstyle0\" style=\"color: #000000;\"> L\u1eadp b\u00e1o c\u00e1o, ki\u1ec3m k\u00ea kh\u00ed nh\u00e0 k\u00ednh <\/span><\/li>\n<\/ul>\n<h3>\u00a0<span style=\"color: #008080;\">2. Thi c\u00f4ng, l\u1eafp \u0111\u1eb7t v\u00e0 b\u1ea3o tr\u00ec<\/span><\/h3>\n<h4><span style=\"color: #008080;\">\u00a0\u2013 <a style=\"color: #008080;\" href=\"https:\/\/hoabinhxanh.vn\/xu-ly-nuoc-thai\/\" target=\"_blank\" rel=\"noopener noreferrer\">X\u1eed l\u00fd n\u01b0\u1edbc<\/a><\/span><\/h4>\n<ul>\n<li><span class=\"fontstyle0\" style=\"color: #000000;\">Cung c\u1ea5p v\u00e0 l\u1eafp \u0111\u1eb7t thi\u1ebft b\u1ecb h\u1ec7 th\u1ed1ng x\u1eed l\u00fd n\u01b0\u1edbc th\u1ea3i<\/span><\/li>\n<li><span class=\"fontstyle0\" style=\"color: #000000;\">H\u1ec7 th\u1ed1ng x\u1eed l\u00fd n\u01b0\u1edbc th\u1ea3i sinh ho\u1ea1t v\u00e0 c\u00f4ng nghi\u1ec7p<\/span><\/li>\n<li><span class=\"fontstyle0\" style=\"color: #000000;\">H\u1ec7 th\u1ed1ng x\u1eed l\u00fd n\u01b0\u1edbc c\u1ea5p cho sinh ho\u1ea1t v\u00e0 c\u00f4ng nghi\u1ec7p<\/span><\/li>\n<li><span class=\"fontstyle0\" style=\"color: #000000;\">H\u1ec7 th\u1ed1ng x\u1eed l\u00fd n\u01b0\u1edbc th\u1ea3i b\u1ec7nh vi\u1ec7n<\/span><\/li>\n<li><span class=\"fontstyle0\" style=\"color: #000000;\">H\u1ec7 th\u1ed1ng x\u1eed l\u00fd n\u01b0\u1edbc u\u1ed1ng tinh khi\u1ebft<\/span><\/li>\n<li><span class=\"fontstyle0\" style=\"color: #000000;\">H\u1ec7 th\u1ed1ng n\u01b0\u1edbc n\u00f3ng l\u1ea1nh n\u0103ng l\u01b0\u1ee3ng m\u1eb7t tr\u1eddi<\/span><\/li>\n<\/ul>\n<h4><span style=\"color: #008080;\">\u00a0\u2013 <a style=\"color: #008080;\" href=\"https:\/\/hoabinhxanh.vn\/xu-ly-khi-thai\/\" target=\"_blank\" rel=\"noopener noreferrer\">X\u1eed l\u00fd kh\u00ed, r\u00e1c th\u1ea3i<\/a><\/span><\/h4>\n<ul>\n<li><span class=\"fontstyle0\" style=\"color: #000000;\">H\u1ec7 th\u1ed1ng x\u1eed l\u00fd \u00f4 nhi\u1ec5m kh\u00f4ng kh\u00ed c\u00f4ng nghi\u1ec7p<\/span><\/li>\n<li><span class=\"fontstyle0\" style=\"color: #000000;\">H\u1ec7 th\u1ed1ng x\u1eed l\u00fd r\u00f2 r\u1ec9 r\u00e1c<\/span><\/li>\n<\/ul>\n<h4><span style=\"color: #008080;\">\u00a0\u2013 D\u1ecbch v\u1ee5 kh\u00e1c<\/span><\/h4>\n<ul>\n<li><span class=\"fontstyle0\" style=\"color: #000000;\">Thi c\u00f4ng h\u1ec7 th\u1ed1ng quan tr\u1eafc, n\u01b0\u1edbc th\u1ea3i, kh\u00ed th\u1ea3i l\u00f2 h\u01a1i v\u00e0 n\u01b0\u1edbc ng\u1ea7m<\/span><\/li>\n<li><span class=\"fontstyle0\" style=\"color: #000000;\">H\u1ec7 th\u1ed1ng \u0111\u00e8n nh\u00e0 h\u00e0ng, kh\u00e1ch s\u1ea1n ti\u1ebft ki\u1ec7m n\u0103ng l\u01b0\u1ee3ng<\/span><\/li>\n<li><span class=\"fontstyle0\" style=\"color: #000000;\">H\u1ec7 th\u1ed1ng pin n\u0103ng l\u01b0\u1ee3ng m\u1eb7t tr\u1eddi<\/span><\/li>\n<\/ul>\n<h3><span style=\"color: #008080;\">\u00a03. Cung c\u1ea5p, gia c\u00f4ng thi\u1ebft b\u1ecb, v\u1eadt li\u1ec7u x\u1eed l\u00fd m\u00f4i tr\u01b0\u1eddng<\/span><\/h3>\n<ul>\n<li><span style=\"color: #000000;\">Cung c\u1ea5p v\u00e0 s\u1eeda ch\u1eefa c\u00e1c lo\u1ea1i b\u01a1m n\u01b0\u1edbc th\u1ea3i: b\u01a1m ch\u00ecm, b\u01a1m tr\u1ee5c ngang, b\u01a1m m\u00e0ng, b\u01a1m \u0111i\u1ec7n t\u1eeb \u2026<\/span><\/li>\n<li><span style=\"color: #000000;\">Cung c\u1ea5p v\u00e0 s\u1eeda ch\u1eefa c\u00e1c lo\u1ea1i b\u01a1m h\u00f3a ch\u1ea5t, m\u00e1y khu\u1ea5y tr\u1ed9n h\u00f3a ch\u1ea5t, c\u00e1nh khu\u1ea5y, th\u00f9ng ch\u1ee9a h\u00f3a ch\u1ea5t b\u1eb1ng compisite \u2026<\/span><\/li>\n<li><span style=\"color: #000000;\">Cung c\u1ea5p v\u00e0 s\u1eeda ch\u1eefa c\u00e1c lo\u1ea1i m\u00e1y th\u1ed5i kh\u00ed, qu\u1ea1t th\u1ed5i kh\u00ed, con s\u00f2 th\u1ed5i kh\u00ed, m\u00e1y n\u00e9n kh\u00ed, \u0111\u0129a ph\u00e2n ph\u1ed1i kh\u00ed, \u1ed1ng ph\u00e2n ph\u1ed1i kh\u00ed \u2026<\/span><\/li>\n<li><span style=\"color: #000000;\">Cung c\u1ea5p v\u00e0 nu\u00f4i c\u1ea5y c\u00e1c lo\u1ea1i vi sinh nu\u00f4i c\u1ea5y, b\u00f9n vi sinh, m\u1eadt r\u1ec9 \u0111\u01b0\u1eddng \u2026<\/span><\/li>\n<li><span style=\"color: #000000;\">Cung c\u1ea5p c\u00e1c lo\u1ea1i gi\u00e1 th\u1ec3 sinh h\u1ecdc, qu\u1ea3 c\u1ea7u sinh h\u1ecdc, qu\u1ea3 c\u1ea7u t\u00e1ch kh\u00ed, gi\u00e1 th\u1ec3 MBBR, Biochip \u2026<\/span><\/li>\n<li><span style=\"color: #000000;\">Cung c\u1ea5p m\u00e1y \u00e9p b\u00f9n b\u0103ng t\u1ea3i, m\u00e1y \u00e9p b\u00f9n ly t\u00e2m, m\u00e1y \u00e9p b\u00f9n khung b\u1ea3n, m\u00e1y t\u00e1ch r\u00e1c\u2026<\/span><\/li>\n<li><span style=\"color: #000000;\">Cung c\u1ea5p c\u00e1c v\u1eadt t\u01b0 \u0111\u1eb7c th\u00f9 Dencanter, Ejecter, \u0111\u1ed3ng h\u1ed3 \u0111o l\u01b0u l\u01b0\u1ee3ng, m\u00e1ng \u0111o l\u01b0u l\u01b0\u1ee3ng\u2026<\/span><\/li>\n<li><span style=\"color: #000000;\">Cung c\u1ea5p b\u00f4ng l\u1ecdc b\u1ee5i, t\u00fai l\u1ecdc b\u1ee5i, v\u1ea3i l\u1ecdc c\u00e1c lo\u1ea1i<\/span><\/li>\n<li><span style=\"color: #000000;\">Cung c\u1ea5p c\u00e1c lo\u1ea1i h\u00f3a ch\u1ea5t x\u1eed l\u00fd n\u01b0\u1edbc th\u1ea3i, x\u1eed l\u00fd kh\u00ed th\u1ea3i \u2026<\/span><\/li>\n<li><span style=\"color: #000000;\">Gia c\u00f4ng c\u00e1c thi\u1ebft b\u1ecb c\u01a1 kh\u00ed, qu\u1ea1t c\u00f4ng nghi\u1ec7p, bu\u1ed3ng phun s\u01a1n\u2026<\/span><\/li>\n<\/ul>\n<p><span style=\"color: #000000;\">V\u1edbi tr\u00ecnh \u0111\u1ed9 chuy\u00ean m\u00f4n v\u00e0 kinh nghi\u1ec7m h\u01a1n 10 n\u0103m trong l\u0129nh v\u1ef1c M\u00f4i tr\u01b0\u1eddng,<\/span> <span style=\"color: #0000ff;\"><strong>C\u00f4ng ty TNHH MTV C\u00f4ng Ngh\u1ec7 M\u00f4i Tr\u01b0\u1eddng L\u00ea Hu\u1ef3nh<\/strong><\/span> t<span style=\"color: #000000;\">\u1ef1 tin cung c\u1ea5p nh\u1eefng D\u1ecbch v\u1ee5 v\u00e0 S\u1ea3n ph\u1ea9m \u0111\u00e1p \u1ee9ng \u0111\u01b0\u1ee3c c\u00e1c y\u00eau c\u1ea7u c\u1ea7u c\u1ee7a kh\u00e1ch h\u00e0ng, lu\u00f4n \u0111\u1eb7t ch\u1ea5t l\u01b0\u1ee3ng v\u00e0 uy t\u00edn l\u00ean h\u00e0ng \u0111\u1ea7u. R\u1ea5t mong \u0111\u01b0\u1ee3c h\u1ee3p t\u00e1c c\u00f9ng qu\u00fd kh\u00e1ch h\u00e0ng!<\/span><\/p>\n<p><span style=\"color: #000000;\"><span style=\"color: #0000ff;\"><strong><span class=\"fontstyle0\">C\u00f4ng ty TNHH MTV C\u00f4ng Ngh\u1ec7 M\u00f4i Tr\u01b0\u1eddng L\u00ea Hu\u1ef3nh<\/span><\/strong><\/span> tr\u00e2n tr\u1ecdng c\u1ea3m \u01a1n v\u00e0 k\u00ednh ch\u00fac qu\u00fd kh\u00e1ch s\u1ee9c kh\u1ecfe, an khang th\u1ecbnh v\u01b0\u1ee3ng.<\/span><\/p>\n<\/div>\n<\/div>\n<\/div>\n","protected":false},"excerpt":{"rendered":"<p>Gi\u1edbi thi\u1ec7u C\u00f4ng ty TNHH MTV C\u00f4ng Ngh\u1ec7 M\u00f4i Tr\u01b0\u1eddng L\u00ea Hu\u1ef3nh\u00a0 H\u1ed9i nh\u1eadp v\u00e0 Ph\u00e1t tri\u1ec3n C\u00f4ng ty TNHH MTV C\u00f4ng Ngh\u1ec7 M\u00f4i Tr\u01b0\u1eddng L\u00ea Hu\u1ef3nh l\u00e0 m\u1ed9t trong nh\u1eefng c\u00f4ng ty ho\u1ea1t \u0111\u1ed9ng trong l\u0129nh v\u1ef1c c\u00f4ng ngh\u1ec7 m\u00f4i tr\u01b0\u1eddng. C\u00f4ng ty ch\u00fang t\u00f4i \u0111\u00e3 v\u00e0 \u0111ang t\u01b0 v\u1ea5n nh\u1eb1m cung c\u1ea5p cho [&#8230;]\n","protected":false},"author":1,"featured_media":0,"parent":0,"menu_order":0,"comment_status":"closed","ping_status":"closed","template":"page-blank.php","meta":{"footnotes":""},"class_list":["post-124","page","type-page","status-publish","hentry"],"_links":{"self":[{"href":"https:\/\/store2.k-tech-services.com\/moitruong\/wp-json\/wp\/v2\/pages\/124","targetHints":{"allow":["GET"]}}],"collection":[{"href":"https:\/\/store2.k-tech-services.com\/moitruong\/wp-json\/wp\/v2\/pages"}],"about":[{"href":"https:\/\/store2.k-tech-services.com\/moitruong\/wp-json\/wp\/v2\/types\/page"}],"author":[{"embeddable":true,"href":"https:\/\/store2.k-tech-services.com\/moitruong\/wp-json\/wp\/v2\/users\/1"}],"replies":[{"embeddable":true,"href":"https:\/\/store2.k-tech-services.com\/moitruong\/wp-json\/wp\/v2\/comments?post=124"}],"version-history":[{"count":10,"href":"https:\/\/store2.k-tech-services.com\/moitruong\/wp-json\/wp\/v2\/pages\/124\/revisions"}],"predecessor-version":[{"id":421,"href":"https:\/\/store2.k-tech-services.com\/moitruong\/wp-json\/wp\/v2\/pages\/124\/revisions\/421"}],"wp:attachment":[{"href":"https:\/\/store2.k-tech-services.com\/moitruong\/wp-json\/wp\/v2\/media?parent=124"}],"curies":[{"name":"wp","href":"https:\/\/api.w.org\/{rel}","templated":true}]}}