{"id":255,"date":"2024-05-17T11:05:01","date_gmt":"2024-05-17T11:05:01","guid":{"rendered":"https:\/\/live.k-tech.net.vn\/wp-lehuynh\/?page_id=255"},"modified":"2024-05-20T02:58:29","modified_gmt":"2024-05-20T02:58:29","slug":"tam-nhin-su-menh-gia-tri","status":"publish","type":"page","link":"https:\/\/store2.k-tech-services.com\/moitruong\/tam-nhin-su-menh-gia-tri\/","title":{"rendered":"T\u1ea7m nh\u00ecn &#8211; S\u1ee9 M\u1ec7nh &#8211; Gi\u00e1 tr\u1ecb"},"content":{"rendered":"<p>\u00a0<\/p>\n<div style=\"max-width: 1280px; margin: 0 auto; padding: 20px;\">\n<h2 style=\"color: #0c7dc3;\">T\u1ea6M NH\u00ccN<\/h2>\n<p>Cung c\u1ea5p c\u00e1c gi\u1ea3i ph\u00e1p c\u00f4ng ngh\u1ec7 &amp; h\u1ec7 th\u1ed1ng thi\u1ebft b\u1ecb x\u1eed l\u00fd m\u00f4i tr\u01b0\u1eddng cho c\u1ed9ng \u0111\u1ed3ng x\u00e3 h\u1ed9i hi\u1ec7u qu\u1ea3 to\u00e0n di\u1ec7n nh\u1ea5t v\u00e0 ti\u00ean ti\u1ebfn nh\u1ea5t, trong khi chi ph\u00ed \u0111\u1ea7u t\u01b0 l\u00e0 ph\u00f9 h\u1ee3p, k\u00e8m t\u00ednh k\u1ebf v\u00e0 t\u00ednh kh\u1ea3 thi c\u1ee7a d\u1ef1 \u00e1n \u0111\u1ea7u t\u01b0 th\u1ef1c hi\u1ec7n \u0111\u01b0\u1ee3c d\u1ef1 \u00e1n x\u1eed l\u00fd m\u00f4i tr\u01b0\u1eddng theo quy \u0111\u1ecbnh c\u1ee7a ph\u00e1p lu\u1eadt Vi\u1ec7t Nam.<\/p>\n<h2 style=\"color: #0c7dc3;\">S\u1ee8 M\u1ec6NH<\/h2>\n<p>C\u00f9ng tr\u1ee3 l\u00e0m m\u00f4i tr\u01b0\u1eddng sinh th\u00e1i, t\u1ef1 nhi\u00ean x\u00e2y d\u1ef1ng \u01b0\u1edbc m\u01a1 cho th\u00e0nh ph\u1ed1 H\u1ed3 Ch\u00ed Minh n\u00f3i ri\u00eang v\u00e0 Vi\u1ec7t Nam n\u00f3i chung lu\u00f4n t\u01b0\u01a1i \u0111\u1eb9p v\u00e0 s\u1ed1ng t\u1ed1t theo h\u01b0\u1edbng ph\u00e1t tri\u1ec3n b\u1ec1n v\u1eefng. M\u00f4i Tr\u01b0\u1eddng L\u00ea Hu\u1ef3nh lu\u00f4n li\u00ean k\u1ebft v\u1edbi c\u00e1c nh\u00e0 nghi\u00ean c\u1ee9u c\u00f4ng ngh\u1ec7 c\u00f3 uy t\u00edn cao c\u1ea5p gi\u1ea3i ph\u00e1p thi\u1ebft k\u1ebf, thi c\u00f4ng h\u1ec7 th\u1ed1ng x\u1eed l\u00fd m\u00f4i tr\u01b0\u1eddng \u0111\u00e1p \u1ee9ng c\u00f4ng ngh\u1ec7 x\u1eed l\u00fd m\u00f4i tr\u01b0\u1eddng \u0111\u00fang ti\u00eau chu\u1ea9n v\u00e0 ph\u00f9 h\u1ee3p v\u1edbi hi\u1ec7u qu\u1ea3 nh\u1ea5t \u0111\u1ebfn kh\u00e1ch h\u00e0ng.<\/p>\n<h2 style=\"color: #0c7dc3;\">GI\u00c1 TR\u1eca C\u1ed0T L\u00d5I<\/h2>\n<p>L\u1ea5y kh\u00e1ch h\u00e0ng l\u00e0m t\u00e2m \u0111i\u1ec3m \u0111\u1ec3 ph\u1ee5c v\u1ee5 v\u00e0 c\u1ea3i ti\u1ebfn. Li\u00ean t\u1ee5c s\u00e1ng t\u1ea1o &amp; ho\u00e0n thi\u1ec7n c\u00f4ng ngh\u1ec7 \u0111\u1ec3 th\u1ecfa m\u00e3n t\u1ed1t nh\u1ea5t y\u00eau c\u1ea7u c\u1ee7a kh\u00e1ch h\u00e0ng v\u00e0 h\u01a1n c\u1ea3 c\u1ee7a kh\u00e1ch h\u00e0ng. H\u00e0nh \u0111\u1ed9ng m\u1ed9t c\u00e1ch ch\u1ee7 \u0111\u1ed9ng \u0111\u1ec3 d\u1ef1 \u0111o\u00e1n nhu c\u1ea7u c\u1ee7a kh\u00e1ch h\u00e0ng, \u0111\u1ea3m gi\u00e1 l\u1ee3i \u00edch kh\u00e1ch h\u00e0ng th\u00f4ng qua nh\u1eefng cam k\u1ebft cung \u1ee9ng th\u00f4ng b\u1ec1n v\u1eefng \u0111\u1ec3 th\u00e0nh t\u00edch, tr\u1ea3i nghi\u1ec7m c\u00f9ng kh\u00e1ch h\u00e0ng.<\/p>\n<\/div>\n<p>\u00a0<\/p>\n","protected":false},"excerpt":{"rendered":"<p>\u00a0 T\u1ea6M NH\u00ccN Cung c\u1ea5p c\u00e1c gi\u1ea3i ph\u00e1p c\u00f4ng ngh\u1ec7 &amp; h\u1ec7 th\u1ed1ng thi\u1ebft b\u1ecb x\u1eed l\u00fd m\u00f4i tr\u01b0\u1eddng cho c\u1ed9ng \u0111\u1ed3ng x\u00e3 h\u1ed9i hi\u1ec7u qu\u1ea3 to\u00e0n di\u1ec7n nh\u1ea5t v\u00e0 ti\u00ean ti\u1ebfn nh\u1ea5t, trong khi chi ph\u00ed \u0111\u1ea7u t\u01b0 l\u00e0 ph\u00f9 h\u1ee3p, k\u00e8m t\u00ednh k\u1ebf v\u00e0 t\u00ednh kh\u1ea3 thi c\u1ee7a d\u1ef1 \u00e1n \u0111\u1ea7u t\u01b0 th\u1ef1c [&#8230;]\n","protected":false},"author":1,"featured_media":0,"parent":0,"menu_order":0,"comment_status":"closed","ping_status":"closed","template":"page-blank.php","meta":{"footnotes":""},"class_list":["post-255","page","type-page","status-publish","hentry"],"_links":{"self":[{"href":"https:\/\/store2.k-tech-services.com\/moitruong\/wp-json\/wp\/v2\/pages\/255","targetHints":{"allow":["GET"]}}],"collection":[{"href":"https:\/\/store2.k-tech-services.com\/moitruong\/wp-json\/wp\/v2\/pages"}],"about":[{"href":"https:\/\/store2.k-tech-services.com\/moitruong\/wp-json\/wp\/v2\/types\/page"}],"author":[{"embeddable":true,"href":"https:\/\/store2.k-tech-services.com\/moitruong\/wp-json\/wp\/v2\/users\/1"}],"replies":[{"embeddable":true,"href":"https:\/\/store2.k-tech-services.com\/moitruong\/wp-json\/wp\/v2\/comments?post=255"}],"version-history":[{"count":3,"href":"https:\/\/store2.k-tech-services.com\/moitruong\/wp-json\/wp\/v2\/pages\/255\/revisions"}],"predecessor-version":[{"id":326,"href":"https:\/\/store2.k-tech-services.com\/moitruong\/wp-json\/wp\/v2\/pages\/255\/revisions\/326"}],"wp:attachment":[{"href":"https:\/\/store2.k-tech-services.com\/moitruong\/wp-json\/wp\/v2\/media?parent=255"}],"curies":[{"name":"wp","href":"https:\/\/api.w.org\/{rel}","templated":true}]}}