{"id":274,"date":"2024-05-20T01:56:36","date_gmt":"2024-05-20T01:56:36","guid":{"rendered":"https:\/\/live.k-tech.net.vn\/wp-lehuynh\/?post_type=product&#038;p=274"},"modified":"2024-10-20T07:10:57","modified_gmt":"2024-10-20T07:10:57","slug":"may-ep-bun-cao-cap","status":"publish","type":"product","link":"https:\/\/store2.k-tech-services.com\/moitruong\/san-pham\/may-ep-bun-cao-cap\/","title":{"rendered":"M\u00e1y \u00e9p b\u00f9n cao c\u1ea5p"},"content":{"rendered":"<h2>C\u00f4ng ty TNHH C\u00f4ng ngh\u1ec7 M\u00f4i tr\u01b0\u1eddng L\u00ea Hu\u1ef3nh<\/h2>\n<p>M\u00e1y \u00e9p b\u00f9n b\u0103ng t\u1ea3i\u00a0l\u00e0 lo\u1ea1i m\u00e1y \u00e9p ki\u1ec3u m\u1edbi, x\u1eed l\u00fd b\u00f9n \u0111\u01b0\u1ee3c \u00e9p ra d\u01b0\u1edbi d\u1ea1ng c\u00e1c b\u00e0n m\u1ecfng, ch\u1eafn v\u00e0 nhanh kh\u00f4. N\u01b0\u1edbc s\u1ea1ch c\u00f2n l\u1ea1i s\u1ebd l\u1ecdt qua khe tho\u00e1ng c\u1ee7a b\u0103ng t\u1ea3i v\u00e0 \u0111i ra ngo\u00e0i.<\/p>\n<p>M\u00e1y \u00e9p b\u00f9n b\u0103ng t\u1ea3i \u0111\u01b0\u1ee3c \u00e9p li\u00ean t\u1ee5c, c\u00f3 t\u00ednh kinh t\u1ebf v\u00e0 ph\u00f9 h\u1ee3p cho doanh nghi\u1ec7p c\u1ea7n x\u1eed l\u00fd b\u00f9n nh\u01b0: ng\u00e0nh c\u00f4ng nghi\u1ec7p ch\u1ebf bi\u1ebfn th\u1ef1c ph\u1ea9m, nhu\u1ed9m, thu\u1ed9c da, xi m\u1ea1, x\u1eed l\u00fd n\u01b0\u1edbc th\u1ea3i gi\u1ea5y, ch\u1ebf bi\u1ebfn qu\u1eb7ng,\u2026<\/p>\n<p>M\u00e1y \u00e9p b\u00f9n b\u0103ng t\u1ea3i l\u00e0 m\u1ed9t thi\u1ebft b\u1ecb \u00e1p d\u1ee5ng hi\u1ec7u qu\u1ea3 nh\u1ea5t trong c\u00e1c h\u1ec7 th\u1ed1ng x\u1eed l\u00fd n\u01b0\u1edbc th\u1ea3i \u0111\u00e1p \u1ee9ng nhu c\u1ea7u th\u1ef1c t\u1ebf \u1edf Vi\u1ec7t Nam hi\u1ec7n t\u1ea1i.<\/p>\n<p>M\u00e1y \u00e9p b\u00f9n b\u0103ng t\u1ea3i \u0111\u01b0\u1ee3c s\u1eed d\u1ee5ng \u1edf h\u1ea7u h\u1ebft c\u00e1c h\u1ec7 th\u1ed1ng x\u1eed l\u00fd n\u01b0\u1edbc th\u1ea3i trong sinh ho\u1ea1t, c\u00e1c ng\u00e0nh th\u1ef1c ph\u1ea9m, th\u1ee7y s\u1ea3n, c\u00f4ng nghi\u1ec7p, nh\u00e0 m\u00e1y gi\u1ea5y, g\u1ea1ch, m\u1ecf, c\u00e1c nh\u00e0 m\u00e1y s\u1ea3n xu\u1ea5t th\u1ef1c ph\u1ea9m kh\u00e1c,..<\/p>\n<figure id=\"attachment_17287\" class=\"wp-caption alignnone\" aria-describedby=\"caption-attachment-17287\"><figcaption id=\"caption-attachment-17287\" class=\"wp-caption-text\"><\/figcaption><\/figure>\n<h2>\u0110\u1eb7c \u0111i\u1ec3m c\u1ee7a m\u00e1y \u00e9p b\u00f9n b\u0103ng t\u1ea3i<\/h2>\n<p>C\u00f3 c\u1ea5u t\u1ea1o chuy\u00ean nghi\u1ec7p th\u00edch \u1ee9ng v\u1edbi nhi\u1ec1u lo\u1ea1i b\u00f9n kh\u00e1c nhau.<\/p>\n<ul>\n<li>\u0110\u01b0\u1ee3c v\u1eadn h\u00e0nh ho\u00e0n to\u00e0n t\u1ef1 \u0111\u1ed9ng thu\u1eadn ti\u1ec7n cho qu\u00e1 tr\u00ecnh v\u1eadn h\u00e0nh di\u1ec5n ra li\u00ean t\u1ee5c.<\/li>\n<li>B\u0103ng t\u1ea3i c\u00f3 kh\u1ea3 n\u00e2ng th\u1ea5m v\u00e0 tu\u1ed5i th\u1ecd cao<\/li>\n<li>C\u00f3 nhi\u1ec1u t\u00ednh n\u0103ng \u0103n to\u00e0n gi\u00fap tr\u00e1nh \u0111\u01b0\u1ee3c nh\u1eefng r\u1ee7i ro trong qu\u00e1 tr\u00ecnh v\u1eadn h\u00e0nh v\u00e0 t\u0103ng th\u00eam hi\u1ec7u qu\u1ea3 l\u00e0m vi\u1ec7c.<\/li>\n<li>\u0110\u1ed9 \u1ed3n, \u0111\u1ed9 rung c\u1ee7a m\u00e1y \u00e9p b\u00f9n b\u0103ng t\u1ea3i th\u1ea5p. B\u1ec1n b\u1ec9 v\u00e0 c\u00f3 hi\u1ec7u su\u1ea5t \u1ed5n \u0111\u1ecbnh.<\/li>\n<\/ul>\n<h2>Nguy\u00ean l\u00fd ho\u1ea1t \u0111\u1ed9ng c\u1ee7a m\u00e1y \u00e9p b\u00f9n b\u0103ng t\u1ea3i<\/h2>\n<p>M\u00e1y \u00e9p b\u00f9n b\u0103ng t\u1ea3i ho\u1ea1t d\u1ed9ng d\u1ef1a tr\u00ean nguy\u00ean l\u00fd s\u1eed d\u1ee5ng l\u1ef1c \u00e9p c\u1ee7a rulo quay, truy\u1ec1n \u0111\u1ed9ng c\u01a1 h\u1ecdc k\u00e9o b\u0103ng t\u1ea3i d\u1ea1ng 2 l\u1edbp. B\u00f9n sau khi \u00e9p s\u1ebd c\u00f3 k\u00edch th\u01b0\u1edbc m\u1ecfng, t\u1eafn ch\u1eafc v\u00e0 \u0111\u1ed9 \u1ea9m b\u00f9n \u0111o \u0111\u01b0\u1ee3c d\u01b0\u1edbi 80%. Qu\u00e1 tr\u00ecnh n\u00e0y di\u1ec5n ra nh\u01b0 sau:<\/p>\n<ul>\n<li>C\u00e1c ch\u00e1t b\u00f9n th\u1ea3i, n\u01b0\u1edbc th\u1ea3i \u0111\u01b0\u1ee3c b\u01a1m l\u00ean m\u00e1y v\u00e0 qua c\u00e1c tr\u1ee5c quay rulo, sau \u0111\u00f3 chuy\u1ec3n ti\u1ebfp \u0111\u1ebfn h\u1ec7 th\u1ed1ng b\u0103ng t\u1ea3i. T\u1ea1i \u0111\u00e2y b\u00f9n th\u1ea3i s\u1ebd \u0111\u01b0\u1ee3c gi\u1eef l\u1ea1i tr\u00ean b\u1ec1 m\u1eb7t b\u0103ng t\u1ea3i r\u1ed3i g\u1ea1t t\u00e1ch ra \u0111\u1ea7u m\u00e1y \u00e9p.<\/li>\n<li>L\u01b0\u1ee3ng n\u01b0\u1edbc c\u00f2n l\u1ea1i th\u1ea5m qua t\u00e2m v\u1ea3i l\u1ecdc c\u1ee7a b\u0103ng t\u1ea3i \u0111\u01b0\u1ee3c \u0111\u01b0a v\u1ec1 b\u1ec3 ch\u1ee9a n\u01b0\u1edbc th\u1ea3i x\u1eed l\u00fd tr\u01b0\u1edbc khi x\u1ea3 ra m\u00f4i tr\u01b0\u1eddng.<\/li>\n<li>Ph\u1ea7n b\u00f9n th\u1ea3i s\u1ebd \u0111\u01b0\u1ee3c \u00e9p kh\u00f4 h\u01a1n.<\/li>\n<\/ul>\n<h2>C\u1ea5u t\u1ea1o c\u1ee7a m\u00e1y \u00e9p b\u00f9n b\u0103ng t\u1ea3i<\/h2>\n<p>M\u00e1y \u00e9p b\u00f9n b\u0103ng t\u1ea3i c\u00f3 c\u00e1c th\u00e0nh ph\u1ea7n ch\u00ednh sau:<\/p>\n<ul>\n<li>M\u00e1y b\u01a1m t\u1eeb b\u1ec3 ch\u1ee9a b\u00f9n \u0111\u1ebfn th\u00f9ng h\u00f2a tr\u1ed9n ch\u1ea5t keo t\u1ee5 v\u00e0 th\u00f9ng \u0111\u1ecbnh l\u01b0\u1ee3ng (th\u00f9ng n\u00e0y \u0111\u1eb7t tr\u00ean \u0111\u1ea7u v\u00e0o c\u1ee7a m\u00e1y).<\/li>\n<li>H\u1ec7 th\u1ed1ng b\u0103ng t\u1ea3i v\u00e0 tr\u1ee5c \u00e9p<\/li>\n<li>Th\u00f9ng \u0111\u1ef1ng v\u00e0 xe v\u1eadn chuy\u1ec3n c\u1eb7n b\u00f9n kh\u00f4<\/li>\n<li>B\u01a1m n\u01b0\u1edbc s\u1ea1ch, m\u00e1y n\u00e9n kh\u00ed r\u1eeda b\u0103ng t\u1ea3i<\/li>\n<li>H\u1ec7 th\u1ed1ng pha v\u00e0 ch\u00e2m h\u00f3a ch\u1ea5t polymer<\/li>\n<\/ul>\n<figure id=\"attachment_17288\" class=\"wp-caption aligncenter\" aria-describedby=\"caption-attachment-17288\"><figcaption id=\"caption-attachment-17288\" class=\"wp-caption-text\"><em>M\u00e1y \u00e9p b\u00f9n b\u0103ng t\u1ea3i<\/em><\/figcaption><\/figure>\n<h2>\u01afu \u0111i\u1ec3m c\u1ee7a m\u00e1y \u00e9p b\u00f9n b\u0103ng t\u1ea3i<\/h2>\n<ul>\n<li>M\u00e1y \u00e9p b\u00f9n b\u0103ng t\u1ea3i \u0111\u01b0\u1ee3c thi\u1ebft k\u1ebf nh\u1ecf g\u1ecdn, ti\u1ebft ki\u1ec7m di\u1ec7n t\u00edch \u0111\u00e1ng k\u1ec3 cho c\u00e1c nh\u00e0 \u0111\u1ea7u t\u01b0.<\/li>\n<li>B\u0103ng t\u1ea3i l\u00e0 ph\u1ee5 ki\u1ec7n kh\u00f4ng th\u1ec3 thi\u1ebfu c\u1ee7a m\u00e1y \u00e9p b\u00f9n b\u0103ng t\u1ea3i. Do \u0111\u00f3, ph\u1ee5 ki\u1ec7n n\u00e0y \u0111\u1ea3m b\u1ea3o \u0111\u1ed9 b\u1ec1n cao, ch\u1ed1ng \u0103n m\u00f2n h\u00f3a h\u1ecdc.<\/li>\n<li>V\u1edbi h\u1ec7 th\u1ed1ng b\u00ean trong \u0111\u01b0\u1ee3c trang b\u1ecb b\u1edfi h\u1ec7 th\u1ed1ng li t\u00e2m t\u00e1ch n\u01b0\u1edbc gi\u00fap c\u00f4 \u0111\u1eb7c b\u00f9n tr\u01b0\u1edbc khi \u00e9p. B\u0103ng t\u1ea3i \u0111a t\u1ea7ng gi\u00fap ti\u1ebft ki\u1ec7m di\u1ec7n t\u00edch, h\u1ec7 th\u1ed1ng b\u0103ng t\u1ea3i t\u1ef1 \u0111\u1ed9ng \u0111\u01b0\u1ee3c c\u00e2n ch\u1ec9nh b\u1eb1ng kh\u00ed n\u00e9n.<\/li>\n<\/ul>\n<h2>\u1ee8ng d\u1ee5ng c\u1ee7a m\u00e1y \u00e9p b\u00f9n b\u0103ng t\u1ea3i<\/h2>\n<p>M\u00e1y \u00e9p n\u00f9n b\u0103ng t\u1ea3i \u0111\u01b0\u1ee3c \u1ee9ng d\u1ee5ng r\u1ed9ng r\u00e3i trong nhi\u1ec1u ng\u00e0nh nh\u01b0: x\u1eed l\u00fd b\u00f9n ho\u1ea1t t\u00ednh ho\u1eb7c b\u00f9n h\u1ed7n t\u1ea1p t\u1eeb c\u00e1c khu \u0111\u00f4 th\u1ecb, b\u00f9n trong gi\u1ea5y v\u00e0 b\u1ed9t gi\u1ea5y, b\u00f9n d\u1ec7t nhu\u1ed9m, b\u00f9n thu\u1ed9c da, b\u00f9n xi m\u1ea1, b\u00f9n kim lo\u1ea1i, b\u00f9n t\u1eeb th\u1ef1c ph\u1ea9m rau qu\u1ea3, b\u00f9n t\u1eeb nu\u00f4i s\u00fac v\u1eadt,\u2026<\/p>\n<p>M\u00e1y \u00e9p b\u00f9n b\u0103ng t\u1ea3i \u0111\u01b0\u1ee3c d\u00f9ng trong x\u1eed l\u00fd n\u01b0\u1edbc th\u1ea3i d\u1ec7t nhu\u1ed9m, x\u1eed l\u00fd n\u01b0\u1edbc th\u1ea3i th\u1ee7y s\u1ea3n, x\u1eed l\u00fd n\u01b0\u1edbc th\u1ea3i khu c\u00f4ng nghi\u1ec7p, n\u01b0\u1edbc th\u1ea3i ch\u1ebf bi\u1ebfn gi\u1ea5y, x\u1eed l\u00fd n\u01b0\u1edbc th\u1ea3i b\u1ed9t gi\u1ea5y, x\u1eed l\u00fd n\u01b0\u1edbc th\u1ea3i ch\u1ebf bi\u1ebfn s\u1eefa, n\u01b0\u1edbc th\u1ea3i th\u1ef1c ph\u1ea9m, x\u1eed l\u00fd n\u01b0\u1edbc th\u1ea3i c\u00f3 h\u00e0m l\u01b0\u1ee3ng ch\u1ea5t l\u01a1 l\u1eedng cao,\u2026x\u1eed l\u00fd n\u01b0\u1edbc th\u1ea3i c\u00f3 h\u00e0m l\u01b0\u1ee3ng d\u1ea7u m\u1ee1 cao.<\/p>\n<h2>C\u00e1ch l\u1ef1a ch\u1ecdn m\u00e1y \u00e9p b\u00f9n b\u0103ng t\u1ea3i<\/h2>\n<p>M\u00e1y \u00e9p b\u00f9n b\u0103ng t\u1ea3i hi\u1ec7n nay \u0111\u01b0\u1ee3c xem l\u00e0 m\u1ed9t trong nh\u1eefng d\u00f2ng m\u00e1y \u00e9p b\u00f9n hi\u1ec7u qu\u1ea3 c\u1ef1c k\u00ec cao, v\u00ec v\u1eady vi\u1ec7c ch\u1ecdn c\u00e1c nh\u00e0 \u0111\u1ea7u t\u01b0 trong v\u00e0 ngo\u00e0i n\u01b0\u1edbc lu\u00f4n t\u00ecm ki\u1ebfm d\u00f2ng m\u00e1y \u00e9p b\u00f9n n\u00e0y \u0111\u1ec3 l\u1eafp \u0111\u1eb7t trong c\u00e1c h\u1ec7 th\u1ed1ng x\u1eed l\u00fd n\u01b0\u1edbc th\u1ea3i t\u1ea1i \u0111\u01a1n v\u1ecb c\u1ee7a m\u00ecnh.<\/p>\n<p>C\u00f3 r\u1ea5t nhi\u1ec1u m\u00e1y \u00e9p b\u00f9n \u0111\u1ebfn t\u1eeb nhi\u1ec1u th\u01b0\u01a1ng hi\u1ec7u kh\u00e1c nhau tr\u00ean th\u1ecb tr\u01b0\u1eddng. \u0110\u1ec3 l\u1ef1a ch\u1ecdn \u0111\u01b0\u1ee3c m\u00e1y \u00e9p t\u1ed1t nh\u1ea5t, qu\u00fd kh\u00e1ch h\u00e0ng n\u00ean l\u01b0u \u00fd nh\u1eefng v\u1ea5n \u0111\u1ec1 sau:<\/p>\n<h3>\u0110\u01a1n v\u1ecb s\u1ea3n xu\u1ea5t m\u00e1y \u00e9p b\u00f9n b\u0103ng t\u1ea3i<\/h3>\n<p>M\u1ed9t thi\u1ebft b\u1ecb m\u00e1y \u00e9p b\u00f9n ch\u1ea5t l\u01b0\u1ee3ng \u0111\u01b0\u1ee3c s\u1ea3n xu\u1ea5t b\u1edfi c\u00f4ng ty s\u1ea3n xu\u1ea5t uy t\u00edn, vi\u1ec7c l\u1ef1a ch\u1ecdn m\u00e1y \u00e9p b\u00f9n t\u1eeb c\u00f4ng ty s\u1ea3n xu\u1ea5t s\u1ebd gi\u00fap qu\u00fd kh\u00e1ch h\u00e0ng ti\u1ebft ki\u1ec7m chi ph\u00ed x\u1eed l\u00fd b\u00f9n. Ch\u1ebf \u0111\u1ed9 b\u00e0o h\u00e0nh s\u1ebd \u0111\u01b0\u1ee3c \u0111\u1ea3m b\u1ea3o, th\u1eddi gian s\u1ea3n xu\u1ea5t v\u00e0 l\u1eafp \u0111\u1eb7t nhanh ch\u00f3ng.<\/p>\n<h3>L\u1ef1a ch\u1ecdn m\u00e1y \u00e9p b\u00f9n ph\u00f9 h\u1ee3p v\u1edbi \u0111\u1eb7c t\u00ednh c\u1ee7a b\u00f9n th\u1ea3i<\/h3>\n<p>Hi\u1ec7n nay b\u00f9n th\u1ea3i c\u00f3 nhi\u1ec1u \u0111\u1eb7c t\u00ednh kh\u00e1c nhau, m\u1ed7i d\u00f2ng b\u00f9n b\u0103ng t\u1ea3i s\u1ebd \u0111\u01b0\u1ee3c s\u1eed d\u1ee5ng \u0111\u1ec3 \u00e9p t\u1eebng nh\u00f3m c\u1ee5 th\u1ec3. Thi\u1ebft b\u1ecb c\u00f3 kh\u1ea3 n\u0103ng \u00e9p t\u1ed1t c\u00e1c lo\u1ea1i b\u00f9n kh\u00f4ng ch\u1ee9a nhi\u1ec1u d\u1ea7u m\u1ee1<\/p>\n<p>B\u1ea1n \u0111ang c\u00f3 th\u1eafc m\u1eafc c\u1ea7n \u0111\u01b0\u1ee3c t\u01b0 v\u1ea5n, gi\u1ea3i \u0111\u00e1p h\u00e3y li\u00ean h\u1ec7 ngay cho ch\u00fang t\u00f4i\u00a0<strong>C\u00f4ng ty TNHH C\u00f4ng ngh\u1ec7 M\u00f4i tr\u01b0\u1eddng L\u00ea Hu\u1ef3nh<\/strong><\/p>\n","protected":false},"excerpt":{"rendered":"<p>C\u00f4ng ty TNHH C\u00f4ng ngh\u1ec7 M\u00f4i tr\u01b0\u1eddng L\u00ea Hu\u1ef3nh chuy\u00ean cung c\u1ea5p nh\u1eefng d\u1ecbch v\u1ee5 v\u1ec1 n\u01b0\u1edbc th\u1ea3i<\/p>\n<p>T\u01b0 v\u1ea5n thi\u1ebft k\u1ebf thi c\u00f4ng x\u00e2y d\u1ef1ng\u00a0h\u1ec7 th\u1ed1ng x\u1eed l\u00fd n\u01b0\u1edbc th\u1ea3i tr\u00ean to\u00e0n qu\u1ed1c<\/p>\n","protected":false},"featured_media":275,"comment_status":"open","ping_status":"closed","template":"","meta":[],"product_cat":[23],"product_tag":[],"class_list":{"0":"post-274","1":"product","2":"type-product","3":"status-publish","4":"has-post-thumbnail","6":"product_cat-may-ep-bun","8":"first","9":"instock","10":"shipping-taxable","11":"product-type-simple"},"_links":{"self":[{"href":"https:\/\/store2.k-tech-services.com\/moitruong\/wp-json\/wp\/v2\/product\/274","targetHints":{"allow":["GET"]}}],"collection":[{"href":"https:\/\/store2.k-tech-services.com\/moitruong\/wp-json\/wp\/v2\/product"}],"about":[{"href":"https:\/\/store2.k-tech-services.com\/moitruong\/wp-json\/wp\/v2\/types\/product"}],"replies":[{"embeddable":true,"href":"https:\/\/store2.k-tech-services.com\/moitruong\/wp-json\/wp\/v2\/comments?post=274"}],"wp:featuredmedia":[{"embeddable":true,"href":"https:\/\/store2.k-tech-services.com\/moitruong\/wp-json\/wp\/v2\/media\/275"}],"wp:attachment":[{"href":"https:\/\/store2.k-tech-services.com\/moitruong\/wp-json\/wp\/v2\/media?parent=274"}],"wp:term":[{"taxonomy":"product_cat","embeddable":true,"href":"https:\/\/store2.k-tech-services.com\/moitruong\/wp-json\/wp\/v2\/product_cat?post=274"},{"taxonomy":"product_tag","embeddable":true,"href":"https:\/\/store2.k-tech-services.com\/moitruong\/wp-json\/wp\/v2\/product_tag?post=274"}],"curies":[{"name":"wp","href":"https:\/\/api.w.org\/{rel}","templated":true}]}}