{"id":574,"date":"2024-05-02T04:18:36","date_gmt":"2024-05-02T04:18:36","guid":{"rendered":"https:\/\/smartsolution.net.vn\/?post_type=product&#038;p=574"},"modified":"2024-05-02T04:18:36","modified_gmt":"2024-05-02T04:18:36","slug":"da-mi-sang","status":"publish","type":"product","link":"https:\/\/store2.k-tech-services.com\/smartsolution\/?product=da-mi-sang","title":{"rendered":"\u0110\u00e1 mi s\u00e0ng"},"content":{"rendered":"<p>\u0110\u00e1 mi s\u00e0ng c\u00f3 k\u00edch c\u1ee1 t\u1eeb 5mm \u0111\u1ebfn 10mm, \u0111\u01b0\u1ee3c s\u00e0ng t\u00e1ch ra t\u1eeb s\u1ea3n ph\u1ea9m \u0111\u00e1 kh\u00e1c. Lo\u1ea1i \u0111\u00e1 n\u00e0y d\u00f9ng l\u00e0m ch\u00e2n \u0111\u1ebf g\u1ea1ch b\u00f4ng, g\u1ea1ch l\u00f3t s\u00e0n, ph\u1ee5 gia cho c\u00f4ng ngh\u1ec7 b\u00ea t\u00f4ng \u0111\u00fac \u1ed1ng c\u1ed1ng v\u00e0 thi c\u00f4ng c\u00e1c c\u00f4ng tr\u00ecnh giao th\u00f4ng v\u00e0 ph\u1ee5 gia cho c\u00e1c lo\u1ea1i VLXD kh\u00e1c .v.v\u2026<\/p>\n<p>\u0110\u00e1 mi s\u00e0ng xanh \u0111\u01b0\u1ee3c s\u1ea3n xu\u1ea5t t\u1eeb N\u00fai \u0110\u00e1 Nh\u1ecf \u2013 Ch\u00e2u Th\u1edbi v\u1edbi ch\u1ea5t l\u01b0\u1ee3ng \u0111\u00e1 t\u1ed1t h\u01a1n so v\u1edbi \u0110\u00e1 mi s\u00e0ng \u0111en<\/p>\n<p>V\u1eadt Li\u1ec7u X\u00e2y D\u1ef1ng T\u01b0 Th\u00e0nh Ph\u00e1t chuy\u00ean cung c\u1ea5p c\u00e1c lo\u1ea1i \u0110\u00e1 x\u00e2y d\u1ef1ng nh\u01b0 \u0111\u00e1 0x4, \u0111\u00e1 1\u00d72, \u0111\u00e1 4\u00d76, \u0111\u00e1 h\u1ed9c, \u0111\u00e1 mi s\u00e0ng, mi b\u1ee5i s\u1ed1 l\u01b0\u1ee3ng l\u1edbn t\u1edbi ch\u00e2n c\u00f4ng tr\u00ecnh t\u1ea1i Tp. H\u1ed3 Ch\u00ed Minh v\u00e0 m\u1ed9t s\u1ed1 khu v\u1ef1c t\u1ec9nh B\u00ecnh D\u01b0\u01a1ng v\u00e0 \u0110\u1ed3ng Nai. C\u00f4ng ty ch\u00fang t\u00f4i c\u00f3 \u0111\u1ea7y \u0111\u1ee7 lo\u1ea1i xe v\u1eadn t\u1ea3i chuy\u00ean ch\u1edf c\u00e1c lo\u1ea1i c\u00e1t \u0111\u00e1 x\u00e2y d\u1ef1ng l\u1edbn nh\u1ecf, v\u1eadn chuy\u1ec3n s\u1ea3n ph\u1ea9m \u0111\u1ebfn t\u1eadn ch\u00e2n c\u00f4ng tr\u00ecnh theo y\u00eau c\u1ea7u c\u1ee7a Qu\u00fd kh\u00e1ch h\u00e0ng.<\/p>\n<p>Ngo\u00e0i \u0110\u00e1 0x4 c\u00f4ng ty T\u01b0 Th\u00e0nh Ph\u00e1t c\u00f2n cung c\u1ea5p c\u00e1c lo\u1ea1i \u0111\u00e1 x\u00e2y d\u1ef1ng kh\u00e1c nh\u01b0 \u0111\u00e1 1\u00d72, \u0111\u00e1 4\u00d76, \u0111\u00e1 h\u1ed9c, \u0111\u00e1 mi b\u1ee5i, mi s\u00e0ng. Giao h\u00e0ng theo xe 1m3, 3-4m3 ho\u1eb7c 7-8m3. Giao h\u00e0ng trong v\u00f2ng 24h, k\u1ec3 t\u1eeb l\u00fac nh\u1eadn \u0111\u01b0\u1ee3c \u0111\u01a1n \u0111\u1eb7t h\u00e0ng.<\/p>\n<p>Ch\u00fang t\u00f4i cam k\u1ebft giao h\u00e0ng \u0111\u1ea3m b\u1ea3o ch\u1ea5t l\u01b0\u1ee3ng v\u00e0 \u0111\u00fang s\u1ed1 l\u01b0\u1ee3ng, \u0111\u00e1 \u0111\u1eb9p, kh\u00f4ng l\u1eabn t\u1ea1p ch\u1ea5t.<\/p>\n","protected":false},"excerpt":{"rendered":"<p>C\u00f4ng ty TNHH SMART SOLUTION cung c\u1ea5p c\u00e1t x\u00e2y d\u1ef1ng t\u1ea1i TPHCM. C\u00f4ng ty cung c\u1ea5p \u0111\u1ea3m b\u1ea3o \u0111\u00fang kh\u1ed1i l\u01b0\u1ee3ng, dung l\u01b0\u1ee3ng v\u00e0 ch\u1ea5t l\u01b0\u1ee3ng c\u00e1t theo \u0111\u00fang y\u00eau c\u1ea7u<\/p>\n","protected":false},"featured_media":575,"comment_status":"open","ping_status":"closed","template":"","meta":[],"product_cat":[23],"product_tag":[],"class_list":{"0":"post-574","1":"product","2":"type-product","3":"status-publish","4":"has-post-thumbnail","6":"product_cat-da-xay-dung","8":"first","9":"instock","10":"taxable","11":"shipping-taxable","12":"product-type-simple"},"_links":{"self":[{"href":"https:\/\/store2.k-tech-services.com\/smartsolution\/index.php?rest_route=\/wp\/v2\/product\/574","targetHints":{"allow":["GET"]}}],"collection":[{"href":"https:\/\/store2.k-tech-services.com\/smartsolution\/index.php?rest_route=\/wp\/v2\/product"}],"about":[{"href":"https:\/\/store2.k-tech-services.com\/smartsolution\/index.php?rest_route=\/wp\/v2\/types\/product"}],"replies":[{"embeddable":true,"href":"https:\/\/store2.k-tech-services.com\/smartsolution\/index.php?rest_route=%2Fwp%2Fv2%2Fcomments&post=574"}],"wp:featuredmedia":[{"embeddable":true,"href":"https:\/\/store2.k-tech-services.com\/smartsolution\/index.php?rest_route=\/wp\/v2\/media\/575"}],"wp:attachment":[{"href":"https:\/\/store2.k-tech-services.com\/smartsolution\/index.php?rest_route=%2Fwp%2Fv2%2Fmedia&parent=574"}],"wp:term":[{"taxonomy":"product_cat","embeddable":true,"href":"https:\/\/store2.k-tech-services.com\/smartsolution\/index.php?rest_route=%2Fwp%2Fv2%2Fproduct_cat&post=574"},{"taxonomy":"product_tag","embeddable":true,"href":"https:\/\/store2.k-tech-services.com\/smartsolution\/index.php?rest_route=%2Fwp%2Fv2%2Fproduct_tag&post=574"}],"curies":[{"name":"wp","href":"https:\/\/api.w.org\/{rel}","templated":true}]}}